{"id":104,"date":"2020-12-11T17:06:07","date_gmt":"2020-12-11T16:06:07","guid":{"rendered":"http:\/\/www.swjanzakrzow.archidiecezja.wroc.pl\/?page_id=104"},"modified":"2024-01-21T22:29:24","modified_gmt":"2024-01-21T21:29:24","slug":"11-szczep-sw-jana-pawla-ii","status":"publish","type":"page","link":"http:\/\/www.swjanzakrzow.archidiecezja.wroc.pl\/?page_id=104","title":{"rendered":"11 SZCZEP \u015aW. JANA PAW\u0141A II"},"content":{"rendered":"<p style=\"text-align: justify;\"><img decoding=\"async\" loading=\"lazy\" class=\"size-medium wp-image-197 alignleft\" src=\"http:\/\/www.swjanzakrzow.archidiecezja.wroc.pl\/wp-content\/uploads\/2020\/12\/12980354571797856926baussant-fse.svg_.hi_-300x291.png\" alt=\"\" width=\"300\" height=\"291\" srcset=\"http:\/\/www.swjanzakrzow.archidiecezja.wroc.pl\/wp-content\/uploads\/2020\/12\/12980354571797856926baussant-fse.svg_.hi_-300x291.png 300w, http:\/\/www.swjanzakrzow.archidiecezja.wroc.pl\/wp-content\/uploads\/2020\/12\/12980354571797856926baussant-fse.svg_.hi_.png 600w\" sizes=\"(max-width: 300px) 100vw, 300px\" \/>Kim s\u0105 Skauci Europy:<\/p>\n<p style=\"text-align: justify;\">Ruch wychowawczy dla dzieci i m\u0142odzie\u017cy w wieku od 9 do 18 lat, prowadzony przez kadr\u0119 wychowawcz\u0105, kt\u00f3r\u0105 stanowi\u0105 m\u0142odzi w wieku 18-26 lat i wi\u0119cej wraz z udzia\u0142em doros\u0142ych oraz rodzic\u00f3w, kt\u00f3rzy pomagaj\u0105 m\u0142odym stworzy\u0107 wielki \u015bwiat m\u0142odzie\u0144czej przygody.<\/p>\n<p style=\"text-align: justify;\">Ruch skautingu katolickiego, stworzony w Belgii i Francji przez Ojca Jakuba Sevin, jezuit\u0119, na podstawie Baden-Powella (1920). Ruch dostarczaj\u0105cy ka\u017cdemu m\u0142odemu cz\u0142owiekowi mo\u017cliwo\u015bci osobistego rozwoju w pi\u0119ciu dziedzinach:<\/p>\n<ul style=\"text-align: justify;\">\n<li>zdrowie i sprawno\u015b\u0107 fizyczna,<\/li>\n<li>zmys\u0142 praktyczny,<\/li>\n<li>kszta\u0142cenie charakteru,<\/li>\n<li>zmys\u0142 s\u0142u\u017cby,<\/li>\n<li>\u017cycie religijne.<\/li>\n<\/ul>\n<p style=\"text-align: justify;\">Skauci Europy dziel\u0105 si\u0119 na trzy ga\u0142\u0119zie: wilczki (9-12 lat), harcerze (12-17 lat), w\u0119drownicy (powy\u017cej 17 lat).<\/p>\n<p style=\"text-align: justify;\">Ruch ucz\u0105cy przez dzia\u0142anie.<\/p>\n<p style=\"text-align: justify;\">Skauci Europy to ruch, w kt\u00f3rym kultywuje si\u0119 mi\u0142o\u015b\u0107 do Ojczyzny wraz z mi\u0142o\u015bci\u0105 do innych narod\u00f3w, tak w\u0142a\u015bciw\u0105 duchowi chrze\u015bcija\u0144stwa. Organizacje katolickie ciesz\u0105 si\u0119 statusem prywatnego stowarzyszenia wiernych prawa pontyfikalnego, nadanego przez Stolic\u0119 \u015awi\u0119t\u0105 w 2003 r.<\/p>\n<p style=\"text-align: justify;\">W Polsce Skauci Europy (Stowarzyszenie Harcerstwa Katolickiego \u201eZawisza\u201d Federacja Skautingu Europejskiego) s\u0105 uznani przez Konferencj\u0119 Episkopatu Polski. W Polsce Skauci Europy posiadaj\u0105 status Organizacji Po\u017cytku Publicznego, kt\u00f3re mo\u017cna wspiera\u0107 przekazuj\u0105c 1% podatku.<\/p>\n<p style=\"text-align: justify;\">11 Szczep Wroc\u0142awski \u015aw. Jana Aposto\u0142a dzia\u0142a przy parafii \u015aw. Jana Aposto\u0142a we Wroc\u0142awiu od samego pocz\u0105tku. Pierwsza zbi\u00f3rka wilczk\u00f3w odby\u0142a si\u0119 w pa\u017adzierniku 2015r. Kolor chust szczepu to granatowy z \u017c\u00f3\u0142t\u0105 obszywk\u0105.<\/p>\n<p><img decoding=\"async\" loading=\"lazy\" class=\"aligncenter wp-image-709 size-large\" src=\"http:\/\/www.swjanzakrzow.archidiecezja.wroc.pl\/wp-content\/uploads\/2021\/07\/1627761384017-1024x768.jpeg\" alt=\"\" width=\"676\" height=\"507\" srcset=\"http:\/\/www.swjanzakrzow.archidiecezja.wroc.pl\/wp-content\/uploads\/2021\/07\/1627761384017-1024x768.jpeg 1024w, http:\/\/www.swjanzakrzow.archidiecezja.wroc.pl\/wp-content\/uploads\/2021\/07\/1627761384017-300x225.jpeg 300w, http:\/\/www.swjanzakrzow.archidiecezja.wroc.pl\/wp-content\/uploads\/2021\/07\/1627761384017-768x576.jpeg 768w, http:\/\/www.swjanzakrzow.archidiecezja.wroc.pl\/wp-content\/uploads\/2021\/07\/1627761384017-1536x1152.jpeg 1536w, http:\/\/www.swjanzakrzow.archidiecezja.wroc.pl\/wp-content\/uploads\/2021\/07\/1627761384017-676x507.jpeg 676w, http:\/\/www.swjanzakrzow.archidiecezja.wroc.pl\/wp-content\/uploads\/2021\/07\/1627761384017.jpeg 2048w\" sizes=\"(max-width: 676px) 100vw, 676px\" \/><\/p>\n<p style=\"text-align: justify;\">Kadra wychowawcza:<\/p>\n<ul style=\"text-align: justify;\">\n<li>Szczepowy \u2013 Micha\u0142 Wi\u015bniewski HR, tel. 605-476-808,<\/li>\n<li>Duszpasterz \u2013 ks. Grzegorz Gac, tel. 882 454 637,<\/li>\n<li>Akela \u2013 Tymoteusz Mazur HO, tel. 790 737 313,<\/li>\n<li>Dru\u017cynowy \u2013 Wojciech Rachwalik HO; tel. 783-602-033,<\/li>\n<\/ul>\n<p style=\"text-align: justify;\">11 Gromada Wroc\u0142awska dzia\u0142a przy parafii pw. \u015bw. Jana Aposto\u0142a na ul. Kr\u00f3lewskiej 30 we Wroc\u0142awiu. Aktualnie s\u0105 cztery sz\u00f3stki Bia\u0142a , Czarna, Brunatna i Szara. Wi\u0119kszo\u015b\u0107 zbi\u00f3rek gromady odbywa si\u0119 w soboty w godzinach od 10:00 \u2013 12:30. Spotykamy si\u0119 przed ko\u015bcio\u0142em parafialnym.<\/p>\n<p style=\"text-align: justify;\"><img decoding=\"async\" loading=\"lazy\" class=\"size-medium wp-image-986 alignleft\" src=\"http:\/\/www.swjanzakrzow.archidiecezja.wroc.pl\/wp-content\/uploads\/2022\/02\/27343n-224x300.png\" alt=\"\" width=\"224\" height=\"300\" srcset=\"http:\/\/www.swjanzakrzow.archidiecezja.wroc.pl\/wp-content\/uploads\/2022\/02\/27343n-224x300.png 224w, http:\/\/www.swjanzakrzow.archidiecezja.wroc.pl\/wp-content\/uploads\/2022\/02\/27343n-766x1024.png 766w, http:\/\/www.swjanzakrzow.archidiecezja.wroc.pl\/wp-content\/uploads\/2022\/02\/27343n-768x1027.png 768w, http:\/\/www.swjanzakrzow.archidiecezja.wroc.pl\/wp-content\/uploads\/2022\/02\/27343n-1149x1536.png 1149w, http:\/\/www.swjanzakrzow.archidiecezja.wroc.pl\/wp-content\/uploads\/2022\/02\/27343n-676x904.png 676w, http:\/\/www.swjanzakrzow.archidiecezja.wroc.pl\/wp-content\/uploads\/2022\/02\/27343n.png 1507w\" sizes=\"(max-width: 224px) 100vw, 224px\" \/><\/p>\n<p style=\"text-align: justify;\">11 Dru\u017cyna Wroc\u0142awska dzia\u0142a przy parafii pw. \u015bw. Jana Aposto\u0142a na ul. Kr\u00f3lewskiej 30 we Wroc\u0142awiu. Aktualnie tworz\u0105 pi\u0119\u0107 zast\u0119p\u00f3w: Nied\u017awied\u017a, Byk, Lis i \u017bbik. Zbi\u00f3rki odbywaj\u0105 si\u0119 w soboty w godzinach 10:00 \u2013 15:00.<\/p>\n<p>W 2021 roku nasze szeregi opu\u015bci\u0142 zast\u0119p Dzik, daj\u0105c pocz\u0105tek 1. Szczepowi Czernickiemu.<\/p>\n<p>W2023 roku nasze szeregi opu\u015bci\u0142 zast\u0119p Krogulec, daj\u0105c pocz\u0105tek 1. Dru\u017cynie D\u0142ugo\u0142\u0119ckiej.<\/p>\n","protected":false},"excerpt":{"rendered":"<p>Kim s\u0105 Skauci Europy: Ruch wychowawczy dla dzieci i m\u0142odzie\u017cy w wieku od 9 do 18 lat, prowadzony przez kadr\u0119 wychowawcz\u0105, kt\u00f3r\u0105 stanowi\u0105 m\u0142odzi w wieku 18-26 lat i wi\u0119cej wraz z udzia\u0142em doros\u0142ych oraz rodzic\u00f3w, kt\u00f3rzy pomagaj\u0105 m\u0142odym stworzy\u0107 wielki \u015bwiat m\u0142odzie\u0144czej przygody. Ruch skautingu katolickiego, stworzony w Belgii i Francji przez Ojca Jakuba [&hellip;]<\/p>\n","protected":false},"author":2,"featured_media":0,"parent":0,"menu_order":0,"comment_status":"closed","ping_status":"closed","template":"","meta":[],"_links":{"self":[{"href":"http:\/\/www.swjanzakrzow.archidiecezja.wroc.pl\/index.php?rest_route=\/wp\/v2\/pages\/104"}],"collection":[{"href":"http:\/\/www.swjanzakrzow.archidiecezja.wroc.pl\/index.php?rest_route=\/wp\/v2\/pages"}],"about":[{"href":"http:\/\/www.swjanzakrzow.archidiecezja.wroc.pl\/index.php?rest_route=\/wp\/v2\/types\/page"}],"author":[{"embeddable":true,"href":"http:\/\/www.swjanzakrzow.archidiecezja.wroc.pl\/index.php?rest_route=\/wp\/v2\/users\/2"}],"replies":[{"embeddable":true,"href":"http:\/\/www.swjanzakrzow.archidiecezja.wroc.pl\/index.php?rest_route=%2Fwp%2Fv2%2Fcomments&post=104"}],"version-history":[{"count":14,"href":"http:\/\/www.swjanzakrzow.archidiecezja.wroc.pl\/index.php?rest_route=\/wp\/v2\/pages\/104\/revisions"}],"predecessor-version":[{"id":1891,"href":"http:\/\/www.swjanzakrzow.archidiecezja.wroc.pl\/index.php?rest_route=\/wp\/v2\/pages\/104\/revisions\/1891"}],"wp:attachment":[{"href":"http:\/\/www.swjanzakrzow.archidiecezja.wroc.pl\/index.php?rest_route=%2Fwp%2Fv2%2Fmedia&parent=104"}],"curies":[{"name":"wp","href":"https:\/\/api.w.org\/{rel}","templated":true}]}}