{"id":106,"date":"2020-12-11T17:06:31","date_gmt":"2020-12-11T16:06:31","guid":{"rendered":"http:\/\/www.swjanzakrzow.archidiecezja.wroc.pl\/?page_id=106"},"modified":"2024-06-23T10:10:16","modified_gmt":"2024-06-23T08:10:16","slug":"12-szczep","status":"publish","type":"page","link":"http:\/\/www.swjanzakrzow.archidiecezja.wroc.pl\/?page_id=106","title":{"rendered":"12 SZCZEP \u015aW. HIACYNTY MARTO"},"content":{"rendered":"<p style=\"text-align: justify;\"><img decoding=\"async\" loading=\"lazy\" class=\"alignnone wp-image-759 size-large\" src=\"http:\/\/www.swjanzakrzow.archidiecezja.wroc.pl\/wp-content\/uploads\/2021\/09\/1627761384017-1024x768.jpeg\" alt=\"\" width=\"676\" height=\"507\" srcset=\"http:\/\/www.swjanzakrzow.archidiecezja.wroc.pl\/wp-content\/uploads\/2021\/09\/1627761384017-1024x768.jpeg 1024w, http:\/\/www.swjanzakrzow.archidiecezja.wroc.pl\/wp-content\/uploads\/2021\/09\/1627761384017-300x225.jpeg 300w, http:\/\/www.swjanzakrzow.archidiecezja.wroc.pl\/wp-content\/uploads\/2021\/09\/1627761384017-768x576.jpeg 768w, http:\/\/www.swjanzakrzow.archidiecezja.wroc.pl\/wp-content\/uploads\/2021\/09\/1627761384017-1536x1152.jpeg 1536w, http:\/\/www.swjanzakrzow.archidiecezja.wroc.pl\/wp-content\/uploads\/2021\/09\/1627761384017-676x507.jpeg 676w, http:\/\/www.swjanzakrzow.archidiecezja.wroc.pl\/wp-content\/uploads\/2021\/09\/1627761384017.jpeg 2048w\" sizes=\"(max-width: 676px) 100vw, 676px\" \/>Kim s\u0105 Skauci Europy:<\/p>\n<p style=\"text-align: justify;\">Ruch wychowawczy dla dzieci i m\u0142odzie\u017cy w wieku od 9 do 18 lat, prowadzony przez kadr\u0119 wychowawcz\u0105, kt\u00f3r\u0105 stanowi\u0105 m\u0142odzi w wieku 18-26 lat i wi\u0119cej wraz z udzia\u0142em doros\u0142ych oraz rodzic\u00f3w, kt\u00f3rzy pomagaj\u0105 m\u0142odym stworzy\u0107 wielki \u015bwiat m\u0142odzie\u0144czej przygody.<\/p>\n<p style=\"text-align: justify;\">Ruch skautingu katolickiego, stworzony w Belgii i Francji przez Ojca Jakuba Sevin, jezuit\u0119, na podstawie Baden-Powella (1920). Ruch dostarczaj\u0105cy ka\u017cdemu m\u0142odemu cz\u0142owiekowi mo\u017cliwo\u015bci osobistego rozwoju w pi\u0119ciu dziedzinach:<\/p>\n<ul>\n<li>zdrowie i sprawno\u015b\u0107 fizyczna,<\/li>\n<li>zmys\u0142 praktyczny,<\/li>\n<li>kszta\u0142cenie charakteru,<\/li>\n<li>zmys\u0142 s\u0142u\u017cby,<\/li>\n<li>\u017cycie religijne.<\/li>\n<\/ul>\n<p style=\"text-align: justify;\">Skauci Europy dziel\u0105 si\u0119 na trzy ga\u0142\u0119zie: wilczki (9-12 lat), harcerki (12-17 lat), przewodniczki (powy\u017cej 17 lat).<\/p>\n<p style=\"text-align: justify;\">Ruch ucz\u0105cy przez dzia\u0142anie<\/p>\n<p style=\"text-align: justify;\">Skauci Europy to ruch, w kt\u00f3rym kultywuje si\u0119 mi\u0142o\u015b\u0107 do Ojczyzny wraz z mi\u0142o\u015bci\u0105 do innych narod\u00f3w, tak w\u0142a\u015bciw\u0105 duchowi chrze\u015bcija\u0144stwa. Organizacje katolickie ciesz\u0105 si\u0119 statusem prywatnego stowarzyszenia wiernych prawa pontyfikalnego, nadanego przez Stolic\u0119 \u015awi\u0119t\u0105 w 2003 r.<\/p>\n<p style=\"text-align: justify;\">W Polsce Skauci Europy (Stowarzyszenie Harcerstwa Katolickiego \u201eZawisza\u201d Federacja Skautingu Europejskiego) s\u0105 uznani przez Konferencj\u0119 Episkopatu Polski. W Polsce Skauci Europy posiadaj\u0105 status Organizacji Po\u017cytku Publicznego, kt\u00f3re mo\u017cna wspiera\u0107 przekazuj\u0105c 1% podatku.<\/p>\n<p style=\"text-align: justify;\">12 Szczep Wroc\u0142awski \u015aw. Jana Aposto\u0142a dzia\u0142a przy parafii \u015aw. Jana Aposto\u0142a we Wroc\u0142awiu od 2020 r. Pierwsza zbi\u00f3rka wilczk\u00f3w odby\u0142a si\u0119 w pa\u017adzierniku 2020r. Kolor chust szczepu to wrzosowy z r\u00f3\u017cow\u0105 obszywk\u0105.<\/p>\n<p>Kadra wychowawcza:<\/p>\n<ul>\n<li>Szczepowa \u2013 Magdalena Wi\u015bniewska HR, tel. 697\u00a0261 054<\/li>\n<li>Duszpasterz \u2013 ks. Grzegorz Gac, tel. 882 454 637<\/li>\n<li>Akela \u2013 Aleksandra Pydo, tel. 500 477 811<\/li>\n<li>Dru\u017cynowa \u2013 Karolina Szkli\u0144ska, tel. 665 192 752<\/li>\n<\/ul>\n\n\n<p><\/p>\n","protected":false},"excerpt":{"rendered":"<p>Kim s\u0105 Skauci Europy: Ruch wychowawczy dla dzieci i m\u0142odzie\u017cy w wieku od 9 do 18 lat, prowadzony przez kadr\u0119 wychowawcz\u0105, kt\u00f3r\u0105 stanowi\u0105 m\u0142odzi w wieku 18-26 lat i wi\u0119cej wraz z udzia\u0142em doros\u0142ych oraz rodzic\u00f3w, kt\u00f3rzy pomagaj\u0105 m\u0142odym stworzy\u0107 wielki \u015bwiat m\u0142odzie\u0144czej przygody. Ruch skautingu katolickiego, stworzony w Belgii i Francji przez Ojca Jakuba [&hellip;]<\/p>\n","protected":false},"author":2,"featured_media":0,"parent":0,"menu_order":0,"comment_status":"closed","ping_status":"closed","template":"","meta":[],"_links":{"self":[{"href":"http:\/\/www.swjanzakrzow.archidiecezja.wroc.pl\/index.php?rest_route=\/wp\/v2\/pages\/106"}],"collection":[{"href":"http:\/\/www.swjanzakrzow.archidiecezja.wroc.pl\/index.php?rest_route=\/wp\/v2\/pages"}],"about":[{"href":"http:\/\/www.swjanzakrzow.archidiecezja.wroc.pl\/index.php?rest_route=\/wp\/v2\/types\/page"}],"author":[{"embeddable":true,"href":"http:\/\/www.swjanzakrzow.archidiecezja.wroc.pl\/index.php?rest_route=\/wp\/v2\/users\/2"}],"replies":[{"embeddable":true,"href":"http:\/\/www.swjanzakrzow.archidiecezja.wroc.pl\/index.php?rest_route=%2Fwp%2Fv2%2Fcomments&post=106"}],"version-history":[{"count":7,"href":"http:\/\/www.swjanzakrzow.archidiecezja.wroc.pl\/index.php?rest_route=\/wp\/v2\/pages\/106\/revisions"}],"predecessor-version":[{"id":2027,"href":"http:\/\/www.swjanzakrzow.archidiecezja.wroc.pl\/index.php?rest_route=\/wp\/v2\/pages\/106\/revisions\/2027"}],"wp:attachment":[{"href":"http:\/\/www.swjanzakrzow.archidiecezja.wroc.pl\/index.php?rest_route=%2Fwp%2Fv2%2Fmedia&parent=106"}],"curies":[{"name":"wp","href":"https:\/\/api.w.org\/{rel}","templated":true}]}}