{"id":109,"date":"2020-12-11T17:07:02","date_gmt":"2020-12-11T16:07:02","guid":{"rendered":"http:\/\/www.swjanzakrzow.archidiecezja.wroc.pl\/?page_id=109"},"modified":"2025-09-03T14:03:30","modified_gmt":"2025-09-03T12:03:30","slug":"krag-biblijny","status":"publish","type":"page","link":"http:\/\/www.swjanzakrzow.archidiecezja.wroc.pl\/?page_id=109","title":{"rendered":"KR\u0104G BIBLIJNY"},"content":{"rendered":"\n<p>Spotkania &#8220;Kr\u0119gu Biblijnego&#8221; odbywaj\u0105 si\u0119 w \u015brody o godz. 19:15 w salce katechetycznej w budynku parafialnym. W czasie Bo\u017cego Narodzenia [ze wzgl\u0119du na wizyt\u0119 duszpastersk\u0105] Kr\u0105g Biblijny spotyka si\u0119 w Niedziel\u0119 po Mszy \u015bw. po godz. 18:30.<\/p>\n\n\n\n<p>Uczestnicy kr\u0119gu biblijnego rozwa\u017caj\u0105 s\u0142owo Bo\u017ce i rozmawiaj\u0105 o s\u0142owie, kt\u00f3re B\u00f3g kieruje do cz\u0142owieka.<\/p>\n\n\n\n<p>W roku formacyjnym 2025\/2026 wsp\u00f3lnota spotyka si\u0119 pod duchow\u0105 opiek\u0105 ks. \u0141ukasza Roma\u0144czuka. Obecnie na spotkania ucz\u0119szcza kilkana\u015bcie os\u00f3b i ka\u017cdy jest do niej zaproszony, niezale\u017cnie od wieku, stanu czy cz\u0119stotliwo\u015bci lektury Pisma \u015awi\u0119tego. <\/p>\n\n\n\n<p>W minionym roku uczestnicy kr\u0119gu biblijnego maj\u0105 mo\u017cliwo\u015b\u0107 rozwa\u017cania fragment\u00f3w Pisma \u015awi\u0119tego &#8211; Nowego Testamentu zwi\u0105zane ze spotkaniami Pana Jezusa:<\/p>\n\n\n\n<p>3 wrze\u015bnia 2025 &#8211; Spotkanie Pana Jezusa z Nikodemem <\/p>\n\n\n\n<p><\/p>\n","protected":false},"excerpt":{"rendered":"<p>Spotkania &#8220;Kr\u0119gu Biblijnego&#8221; odbywaj\u0105 si\u0119 w \u015brody o godz. 19:15 w salce katechetycznej w budynku parafialnym. W czasie Bo\u017cego Narodzenia [ze wzgl\u0119du na wizyt\u0119 duszpastersk\u0105] Kr\u0105g Biblijny spotyka si\u0119 w Niedziel\u0119 po Mszy \u015bw. po godz. 18:30. Uczestnicy kr\u0119gu biblijnego rozwa\u017caj\u0105 s\u0142owo Bo\u017ce i rozmawiaj\u0105 o s\u0142owie, kt\u00f3re B\u00f3g kieruje do cz\u0142owieka. W roku formacyjnym [&hellip;]<\/p>\n","protected":false},"author":2,"featured_media":0,"parent":0,"menu_order":0,"comment_status":"closed","ping_status":"closed","template":"","meta":[],"_links":{"self":[{"href":"http:\/\/www.swjanzakrzow.archidiecezja.wroc.pl\/index.php?rest_route=\/wp\/v2\/pages\/109"}],"collection":[{"href":"http:\/\/www.swjanzakrzow.archidiecezja.wroc.pl\/index.php?rest_route=\/wp\/v2\/pages"}],"about":[{"href":"http:\/\/www.swjanzakrzow.archidiecezja.wroc.pl\/index.php?rest_route=\/wp\/v2\/types\/page"}],"author":[{"embeddable":true,"href":"http:\/\/www.swjanzakrzow.archidiecezja.wroc.pl\/index.php?rest_route=\/wp\/v2\/users\/2"}],"replies":[{"embeddable":true,"href":"http:\/\/www.swjanzakrzow.archidiecezja.wroc.pl\/index.php?rest_route=%2Fwp%2Fv2%2Fcomments&post=109"}],"version-history":[{"count":7,"href":"http:\/\/www.swjanzakrzow.archidiecezja.wroc.pl\/index.php?rest_route=\/wp\/v2\/pages\/109\/revisions"}],"predecessor-version":[{"id":2977,"href":"http:\/\/www.swjanzakrzow.archidiecezja.wroc.pl\/index.php?rest_route=\/wp\/v2\/pages\/109\/revisions\/2977"}],"wp:attachment":[{"href":"http:\/\/www.swjanzakrzow.archidiecezja.wroc.pl\/index.php?rest_route=%2Fwp%2Fv2%2Fmedia&parent=109"}],"curies":[{"name":"wp","href":"https:\/\/api.w.org\/{rel}","templated":true}]}}

KRĄG BIBLIJNY

<p>Spotkania &#8220;Kręgu Biblijnego&#8221; odbywają się w środy o godz. 19:15 w salce katechetycznej w budynku parafialnym. W czasie Bożego Narodzenia [ze względu na wizytę duszpasterską] Krąg Biblijny spotyka się w Niedzielę po Mszy św. po godz. 18:30.</p>



<p>Uczestnicy kręgu biblijnego rozważają słowo Boże i rozmawiają o słowie, które Bóg kieruje do człowieka.</p>



<p>W roku formacyjnym 2025/2026 wspólnota spotyka się pod duchową opieką ks. Łukasza Romańczuka. Obecnie na spotkania uczęszcza kilkanaście osób i każdy jest do niej zaproszony, niezależnie od wieku, stanu czy częstotliwości lektury Pisma Świętego. </p>



<p>W minionym roku uczestnicy kręgu biblijnego mają możliwość rozważania fragmentów Pisma Świętego &#8211; Nowego Testamentu związane ze spotkaniami Pana Jezusa:</p>



<p>3 września 2025 &#8211; Spotkanie Pana Jezusa z Nikodemem </p>



<p></p>

<p>Spotkania &#8220;Kręgu Biblijnego&#8221; odbywają się w środy o godz. 19:15 w salce katechetycznej w budynku parafialnym. W czasie Bożego Narodzenia [ze względu na wizytę duszpasterską] Krąg Biblijny spotyka się w Niedzielę po Mszy św. po godz. 18:30. Uczestnicy kręgu biblijnego rozważają słowo Boże i rozmawiają o słowie, które Bóg kieruje do człowieka. W roku formacyjnym [&hellip;]</p>
