{"id":1384,"date":"2022-09-25T22:40:40","date_gmt":"2022-09-25T20:40:40","guid":{"rendered":"http:\/\/www.swjanzakrzow.archidiecezja.wroc.pl\/?page_id=1384"},"modified":"2022-10-04T23:48:18","modified_gmt":"2022-10-04T21:48:18","slug":"chor-vox-apostoli","status":"publish","type":"page","link":"http:\/\/www.swjanzakrzow.archidiecezja.wroc.pl\/?page_id=1384","title":{"rendered":"Ch\u00f3r VOX APOSTOLI"},"content":{"rendered":"<p style=\"text-align: justify;\">\u201eVox Apostoli\u201d \u2013 Ch\u00f3r Parafii \u015bw. Jana Aposto\u0142a we Wroc\u0142awiu powsta\u0142 jesieni\u0105 2020 roku z inicjatywy wikariuszy parafii: ks. Paw\u0142a Szyde\u0142ki, ks. Grzegorza Gac, dyrygentki Marty Mrzyg\u0142\u00f3d-Chudyk i przy bardzo du\u017cym wsparciu ks. Proboszcza Wies\u0142awa Karasia. Od 2021 roku stale wsp\u00f3\u0142pracuje tak\u017ce z dyrygentem Jakubem Szewczykiem.<\/p>\n<p style=\"text-align: justify;\">Na regularn\u0105 dzia\u0142alno\u015b\u0107 ch\u00f3ru sk\u0142ada si\u0119 u\u015bwietnianie liturgii niedzielnych mszy \u015bwi\u0119tych, uroczysto\u015bci Bo\u017cego Narodzenia, Wielkiego Tygodnia i Wielkanocy, Bo\u017cego Cia\u0142a, czy \u015bwi\u0119ta patronki ch\u00f3rzyst\u00f3w &#8211; \u015bw. Cecylii. Pomimo trudnych &#8211; pandemicznych warunk\u00f3w, zesp\u00f3\u0142 stara si\u0119 r\u00f3wnie\u017c bra\u0107 udzia\u0142 w r\u00f3\u017cnych wydarzeniach muzycznych, podczas kt\u00f3rych ch\u00f3rzy\u015bci maj\u0105 mo\u017cliwo\u015b\u0107 poszerza\u0107 sw\u00f3j repertuar, a tak\u017ce rozwija\u0107 umiej\u0119tno\u015bci wokalne.<\/p>\n<p>W swej historii Ch\u00f3r Parafii \u015bw. Jana Aposto\u0142a wsp\u00f3\u0142organizowa\u0142 i wykonywa\u0142:<\/p>\n<p style=\"text-align: justify;\">&#8211; Oratorium \u201eJutrznia za nienarodzonych\u201d Paw\u0142a B\u0119benka w czerwcu 2021 we Wroc\u0142awiu, a w listopadzie w Brzegu.<\/p>\n<p>&#8211; W pa\u017adzierniku Koncert uwielbieniowy Totus Tuus z okazji dnia papieskiego, pa\u017adziernik 2021, a kolejno koncert zosta\u0142 powt\u00f3rzony w \u015awidnicy w kwietniu 2022.<\/p>\n<p>&#8211; Warsztaty wokalne, zwie\u0144czone koncertem pie\u015bni adwentowych w wykonaniu ch\u00f3ru i orkiestry warsztatowej, kt\u00f3re mia\u0142y miejsce w listopadzie 2021.<\/p>\n<p>&#8211; Koncert Uwielbieniowy, sk\u0142adaj\u0105cy si\u0119 ze sta\u0142ego repertuaru ch\u00f3ru w czerwcu 2022 we Wroc\u0142awiu.<\/p>\n<p style=\"text-align: justify;\">Wa\u017cnym okresem w \u017cyciu ch\u00f3ru jest tak\u017ce czas kol\u0119dowania, kiedy to zesp\u00f3\u0142 organizuje koncerty kol\u0119d i pastora\u0142ek, a od 2022 roku r\u00f3wnie\u017c wsp\u00f3lne kol\u0119dowanie z cz\u0142onkami wsp\u00f3lnoty parafialnej.<\/p>\n\n\t\t<style type=\"text\/css\">\n\t\t\t#gallery-1 {\n\t\t\t\tmargin: auto;\n\t\t\t}\n\t\t\t#gallery-1 .gallery-item {\n\t\t\t\tfloat: left;\n\t\t\t\tmargin-top: 10px;\n\t\t\t\ttext-align: center;\n\t\t\t\twidth: 33%;\n\t\t\t}\n\t\t\t#gallery-1 img {\n\t\t\t\tborder: 2px solid #cfcfcf;\n\t\t\t}\n\t\t\t#gallery-1 .gallery-caption {\n\t\t\t\tmargin-left: 0;\n\t\t\t}\n\t\t\t\/* see gallery_shortcode() in wp-includes\/media.php *\/\n\t\t<\/style>\n\t\t<div id='gallery-1' class='gallery galleryid-1384 gallery-columns-3 gallery-size-thumbnail'><dl class='gallery-item'>\n\t\t\t<dt class='gallery-icon landscape'>\n\t\t\t\t<a href='http:\/\/www.swjanzakrzow.archidiecezja.wroc.pl\/?attachment_id=1386'><img width=\"150\" height=\"150\" src=\"http:\/\/www.swjanzakrzow.archidiecezja.wroc.pl\/wp-content\/uploads\/2022\/09\/KoncertChoruParafialnegoZakrzow-26.06.2022-1-150x150.jpg\" class=\"attachment-thumbnail size-thumbnail\" alt=\"\" decoding=\"async\" loading=\"lazy\" \/><\/a>\n\t\t\t<\/dt><\/dl><dl class='gallery-item'>\n\t\t\t<dt class='gallery-icon landscape'>\n\t\t\t\t<a href='http:\/\/www.swjanzakrzow.archidiecezja.wroc.pl\/?attachment_id=1387'><img width=\"150\" height=\"150\" src=\"http:\/\/www.swjanzakrzow.archidiecezja.wroc.pl\/wp-content\/uploads\/2022\/09\/KoncertChoruParafialnegoZakrzow-26.06.2022-9-150x150.jpg\" class=\"attachment-thumbnail size-thumbnail\" alt=\"\" decoding=\"async\" loading=\"lazy\" \/><\/a>\n\t\t\t<\/dt><\/dl><dl class='gallery-item'>\n\t\t\t<dt class='gallery-icon portrait'>\n\t\t\t\t<a href='http:\/\/www.swjanzakrzow.archidiecezja.wroc.pl\/?attachment_id=1388'><img width=\"150\" height=\"150\" src=\"http:\/\/www.swjanzakrzow.archidiecezja.wroc.pl\/wp-content\/uploads\/2022\/09\/KoncertChoruParafialnegoZakrzow-26.06.2022-16-150x150.jpg\" class=\"attachment-thumbnail size-thumbnail\" alt=\"\" decoding=\"async\" loading=\"lazy\" \/><\/a>\n\t\t\t<\/dt><\/dl><br style=\"clear: both\" \/><dl class='gallery-item'>\n\t\t\t<dt class='gallery-icon portrait'>\n\t\t\t\t<a href='http:\/\/www.swjanzakrzow.archidiecezja.wroc.pl\/?attachment_id=1389'><img width=\"150\" height=\"150\" src=\"http:\/\/www.swjanzakrzow.archidiecezja.wroc.pl\/wp-content\/uploads\/2022\/09\/KoncertChoruParafialnegoZakrzow-26.06.2022-22-150x150.jpg\" class=\"attachment-thumbnail size-thumbnail\" alt=\"\" decoding=\"async\" loading=\"lazy\" \/><\/a>\n\t\t\t<\/dt><\/dl><dl class='gallery-item'>\n\t\t\t<dt class='gallery-icon landscape'>\n\t\t\t\t<a href='http:\/\/www.swjanzakrzow.archidiecezja.wroc.pl\/?attachment_id=1390'><img width=\"150\" height=\"150\" src=\"http:\/\/www.swjanzakrzow.archidiecezja.wroc.pl\/wp-content\/uploads\/2022\/09\/koncertTotusTuus-2-150x150.jpg\" class=\"attachment-thumbnail size-thumbnail\" alt=\"\" decoding=\"async\" loading=\"lazy\" \/><\/a>\n\t\t\t<\/dt><\/dl><dl class='gallery-item'>\n\t\t\t<dt class='gallery-icon landscape'>\n\t\t\t\t<a href='http:\/\/www.swjanzakrzow.archidiecezja.wroc.pl\/?attachment_id=1391'><img width=\"150\" height=\"150\" src=\"http:\/\/www.swjanzakrzow.archidiecezja.wroc.pl\/wp-content\/uploads\/2022\/09\/koncertTotusTuus-10-150x150.jpg\" class=\"attachment-thumbnail size-thumbnail\" alt=\"\" decoding=\"async\" loading=\"lazy\" \/><\/a>\n\t\t\t<\/dt><\/dl><br style=\"clear: both\" \/><dl class='gallery-item'>\n\t\t\t<dt class='gallery-icon landscape'>\n\t\t\t\t<a href='http:\/\/www.swjanzakrzow.archidiecezja.wroc.pl\/?attachment_id=1392'><img width=\"150\" height=\"150\" src=\"http:\/\/www.swjanzakrzow.archidiecezja.wroc.pl\/wp-content\/uploads\/2022\/09\/koncertTotusTuus-18-150x150.jpg\" class=\"attachment-thumbnail size-thumbnail\" alt=\"\" decoding=\"async\" loading=\"lazy\" \/><\/a>\n\t\t\t<\/dt><\/dl><dl class='gallery-item'>\n\t\t\t<dt class='gallery-icon portrait'>\n\t\t\t\t<a href='http:\/\/www.swjanzakrzow.archidiecezja.wroc.pl\/?attachment_id=1393'><img width=\"150\" height=\"150\" src=\"http:\/\/www.swjanzakrzow.archidiecezja.wroc.pl\/wp-content\/uploads\/2022\/09\/koncertTotusTuus-34-150x150.jpg\" class=\"attachment-thumbnail size-thumbnail\" alt=\"\" decoding=\"async\" loading=\"lazy\" \/><\/a>\n\t\t\t<\/dt><\/dl><dl class='gallery-item'>\n\t\t\t<dt class='gallery-icon landscape'>\n\t\t\t\t<a href='http:\/\/www.swjanzakrzow.archidiecezja.wroc.pl\/?attachment_id=1394'><img width=\"150\" height=\"150\" src=\"http:\/\/www.swjanzakrzow.archidiecezja.wroc.pl\/wp-content\/uploads\/2022\/09\/OratoriumDlaNienarodzonych-1-150x150.jpg\" class=\"attachment-thumbnail size-thumbnail\" alt=\"\" decoding=\"async\" loading=\"lazy\" \/><\/a>\n\t\t\t<\/dt><\/dl><br style=\"clear: both\" \/><dl class='gallery-item'>\n\t\t\t<dt class='gallery-icon landscape'>\n\t\t\t\t<a href='http:\/\/www.swjanzakrzow.archidiecezja.wroc.pl\/?attachment_id=1395'><img width=\"150\" height=\"150\" src=\"http:\/\/www.swjanzakrzow.archidiecezja.wroc.pl\/wp-content\/uploads\/2022\/09\/OratoriumDlaNienarodzonych-17-150x150.jpg\" class=\"attachment-thumbnail size-thumbnail\" alt=\"\" decoding=\"async\" loading=\"lazy\" \/><\/a>\n\t\t\t<\/dt><\/dl><dl class='gallery-item'>\n\t\t\t<dt class='gallery-icon portrait'>\n\t\t\t\t<a href='http:\/\/www.swjanzakrzow.archidiecezja.wroc.pl\/?attachment_id=1396'><img width=\"150\" height=\"150\" src=\"http:\/\/www.swjanzakrzow.archidiecezja.wroc.pl\/wp-content\/uploads\/2022\/09\/OratoriumDlaNienarodzonych-23-150x150.jpg\" class=\"attachment-thumbnail size-thumbnail\" alt=\"\" decoding=\"async\" loading=\"lazy\" \/><\/a>\n\t\t\t<\/dt><\/dl><dl class='gallery-item'>\n\t\t\t<dt class='gallery-icon landscape'>\n\t\t\t\t<a href='http:\/\/www.swjanzakrzow.archidiecezja.wroc.pl\/?attachment_id=1397'><img width=\"150\" height=\"150\" src=\"http:\/\/www.swjanzakrzow.archidiecezja.wroc.pl\/wp-content\/uploads\/2022\/09\/OratoriumDlaNienarodzonych-25-1-150x150.jpg\" class=\"attachment-thumbnail size-thumbnail\" alt=\"\" decoding=\"async\" loading=\"lazy\" \/><\/a>\n\t\t\t<\/dt><\/dl><br style=\"clear: both\" \/>\n\t\t<\/div>\n\n","protected":false},"excerpt":{"rendered":"<p>\u201eVox Apostoli\u201d \u2013 Ch\u00f3r Parafii \u015bw. Jana Aposto\u0142a we Wroc\u0142awiu powsta\u0142 jesieni\u0105 2020 roku z inicjatywy wikariuszy parafii: ks. Paw\u0142a Szyde\u0142ki, ks. Grzegorza Gac, dyrygentki Marty Mrzyg\u0142\u00f3d-Chudyk i przy bardzo du\u017cym wsparciu ks. Proboszcza Wies\u0142awa Karasia. Od 2021 roku stale wsp\u00f3\u0142pracuje tak\u017ce z dyrygentem Jakubem Szewczykiem. Na regularn\u0105 dzia\u0142alno\u015b\u0107 ch\u00f3ru sk\u0142ada si\u0119 u\u015bwietnianie liturgii niedzielnych [&hellip;]<\/p>\n","protected":false},"author":2,"featured_media":0,"parent":0,"menu_order":0,"comment_status":"closed","ping_status":"closed","template":"","meta":[],"_links":{"self":[{"href":"http:\/\/www.swjanzakrzow.archidiecezja.wroc.pl\/index.php?rest_route=\/wp\/v2\/pages\/1384"}],"collection":[{"href":"http:\/\/www.swjanzakrzow.archidiecezja.wroc.pl\/index.php?rest_route=\/wp\/v2\/pages"}],"about":[{"href":"http:\/\/www.swjanzakrzow.archidiecezja.wroc.pl\/index.php?rest_route=\/wp\/v2\/types\/page"}],"author":[{"embeddable":true,"href":"http:\/\/www.swjanzakrzow.archidiecezja.wroc.pl\/index.php?rest_route=\/wp\/v2\/users\/2"}],"replies":[{"embeddable":true,"href":"http:\/\/www.swjanzakrzow.archidiecezja.wroc.pl\/index.php?rest_route=%2Fwp%2Fv2%2Fcomments&post=1384"}],"version-history":[{"count":2,"href":"http:\/\/www.swjanzakrzow.archidiecezja.wroc.pl\/index.php?rest_route=\/wp\/v2\/pages\/1384\/revisions"}],"predecessor-version":[{"id":1408,"href":"http:\/\/www.swjanzakrzow.archidiecezja.wroc.pl\/index.php?rest_route=\/wp\/v2\/pages\/1384\/revisions\/1408"}],"wp:attachment":[{"href":"http:\/\/www.swjanzakrzow.archidiecezja.wroc.pl\/index.php?rest_route=%2Fwp%2Fv2%2Fmedia&parent=1384"}],"curies":[{"name":"wp","href":"https:\/\/api.w.org\/{rel}","templated":true}]}}

Chór VOX APOSTOLI

<p style="text-align: justify;">„Vox Apostoli” – Chór Parafii św. Jana Apostoła we Wrocławiu powstał jesienią 2020 roku z inicjatywy wikariuszy parafii: ks. Pawła Szydełki, ks. Grzegorza Gac, dyrygentki Marty Mrzygłód-Chudyk i przy bardzo dużym wsparciu ks. Proboszcza Wiesława Karasia. Od 2021 roku stale współpracuje także z dyrygentem Jakubem Szewczykiem.</p>
<p style="text-align: justify;">Na regularną działalność chóru składa się uświetnianie liturgii niedzielnych mszy świętych, uroczystości Bożego Narodzenia, Wielkiego Tygodnia i Wielkanocy, Bożego Ciała, czy święta patronki chórzystów &#8211; św. Cecylii. Pomimo trudnych &#8211; pandemicznych warunków, zespół stara się również brać udział w różnych wydarzeniach muzycznych, podczas których chórzyści mają możliwość poszerzać swój repertuar, a także rozwijać umiejętności wokalne.</p>
<p>W swej historii Chór Parafii św. Jana Apostoła współorganizował i wykonywał:</p>
<p style="text-align: justify;">&#8211; Oratorium „Jutrznia za nienarodzonych” Pawła Bębenka w czerwcu 2021 we Wrocławiu, a w listopadzie w Brzegu.</p>
<p>&#8211; W październiku Koncert uwielbieniowy Totus Tuus z okazji dnia papieskiego, październik 2021, a kolejno koncert został powtórzony w Świdnicy w kwietniu 2022.</p>
<p>&#8211; Warsztaty wokalne, zwieńczone koncertem pieśni adwentowych w wykonaniu chóru i orkiestry warsztatowej, które miały miejsce w listopadzie 2021.</p>
<p>&#8211; Koncert Uwielbieniowy, składający się ze stałego repertuaru chóru w czerwcu 2022 we Wrocławiu.</p>
<p style="text-align: justify;">Ważnym okresem w życiu chóru jest także czas kolędowania, kiedy to zespół organizuje koncerty kolęd i pastorałek, a od 2022 roku również wspólne kolędowanie z członkami wspólnoty parafialnej.</p>

		<style type="text/css">
			#gallery-1 {
				margin: auto;
			}
			#gallery-1 .gallery-item {
				float: left;
				margin-top: 10px;
				text-align: center;
				width: 33%;
			}
			#gallery-1 img {
				border: 2px solid #cfcfcf;
			}
			#gallery-1 .gallery-caption {
				margin-left: 0;
			}
			/* see gallery_shortcode() in wp-includes/media.php */
		</style>
		<div id='gallery-1' class='gallery galleryid-1384 gallery-columns-3 gallery-size-thumbnail'><dl class='gallery-item'>
			<dt class='gallery-icon landscape'>
				<a href='http://www.swjanzakrzow.archidiecezja.wroc.pl/?attachment_id=1386'><img width="150" height="150" src="http://www.swjanzakrzow.archidiecezja.wroc.pl/wp-content/uploads/2022/09/KoncertChoruParafialnegoZakrzow-26.06.2022-1-150x150.jpg" class="attachment-thumbnail size-thumbnail" alt="" decoding="async" loading="lazy" /></a>
			</dt></dl><dl class='gallery-item'>
			<dt class='gallery-icon landscape'>
				<a href='http://www.swjanzakrzow.archidiecezja.wroc.pl/?attachment_id=1387'><img width="150" height="150" src="http://www.swjanzakrzow.archidiecezja.wroc.pl/wp-content/uploads/2022/09/KoncertChoruParafialnegoZakrzow-26.06.2022-9-150x150.jpg" class="attachment-thumbnail size-thumbnail" alt="" decoding="async" loading="lazy" /></a>
			</dt></dl><dl class='gallery-item'>
			<dt class='gallery-icon portrait'>
				<a href='http://www.swjanzakrzow.archidiecezja.wroc.pl/?attachment_id=1388'><img width="150" height="150" src="http://www.swjanzakrzow.archidiecezja.wroc.pl/wp-content/uploads/2022/09/KoncertChoruParafialnegoZakrzow-26.06.2022-16-150x150.jpg" class="attachment-thumbnail size-thumbnail" alt="" decoding="async" loading="lazy" /></a>
			</dt></dl><br style="clear: both" /><dl class='gallery-item'>
			<dt class='gallery-icon portrait'>
				<a href='http://www.swjanzakrzow.archidiecezja.wroc.pl/?attachment_id=1389'><img width="150" height="150" src="http://www.swjanzakrzow.archidiecezja.wroc.pl/wp-content/uploads/2022/09/KoncertChoruParafialnegoZakrzow-26.06.2022-22-150x150.jpg" class="attachment-thumbnail size-thumbnail" alt="" decoding="async" loading="lazy" /></a>
			</dt></dl><dl class='gallery-item'>
			<dt class='gallery-icon landscape'>
				<a href='http://www.swjanzakrzow.archidiecezja.wroc.pl/?attachment_id=1390'><img width="150" height="150" src="http://www.swjanzakrzow.archidiecezja.wroc.pl/wp-content/uploads/2022/09/koncertTotusTuus-2-150x150.jpg" class="attachment-thumbnail size-thumbnail" alt="" decoding="async" loading="lazy" /></a>
			</dt></dl><dl class='gallery-item'>
			<dt class='gallery-icon landscape'>
				<a href='http://www.swjanzakrzow.archidiecezja.wroc.pl/?attachment_id=1391'><img width="150" height="150" src="http://www.swjanzakrzow.archidiecezja.wroc.pl/wp-content/uploads/2022/09/koncertTotusTuus-10-150x150.jpg" class="attachment-thumbnail size-thumbnail" alt="" decoding="async" loading="lazy" /></a>
			</dt></dl><br style="clear: both" /><dl class='gallery-item'>
			<dt class='gallery-icon landscape'>
				<a href='http://www.swjanzakrzow.archidiecezja.wroc.pl/?attachment_id=1392'><img width="150" height="150" src="http://www.swjanzakrzow.archidiecezja.wroc.pl/wp-content/uploads/2022/09/koncertTotusTuus-18-150x150.jpg" class="attachment-thumbnail size-thumbnail" alt="" decoding="async" loading="lazy" /></a>
			</dt></dl><dl class='gallery-item'>
			<dt class='gallery-icon portrait'>
				<a href='http://www.swjanzakrzow.archidiecezja.wroc.pl/?attachment_id=1393'><img width="150" height="150" src="http://www.swjanzakrzow.archidiecezja.wroc.pl/wp-content/uploads/2022/09/koncertTotusTuus-34-150x150.jpg" class="attachment-thumbnail size-thumbnail" alt="" decoding="async" loading="lazy" /></a>
			</dt></dl><dl class='gallery-item'>
			<dt class='gallery-icon landscape'>
				<a href='http://www.swjanzakrzow.archidiecezja.wroc.pl/?attachment_id=1394'><img width="150" height="150" src="http://www.swjanzakrzow.archidiecezja.wroc.pl/wp-content/uploads/2022/09/OratoriumDlaNienarodzonych-1-150x150.jpg" class="attachment-thumbnail size-thumbnail" alt="" decoding="async" loading="lazy" /></a>
			</dt></dl><br style="clear: both" /><dl class='gallery-item'>
			<dt class='gallery-icon landscape'>
				<a href='http://www.swjanzakrzow.archidiecezja.wroc.pl/?attachment_id=1395'><img width="150" height="150" src="http://www.swjanzakrzow.archidiecezja.wroc.pl/wp-content/uploads/2022/09/OratoriumDlaNienarodzonych-17-150x150.jpg" class="attachment-thumbnail size-thumbnail" alt="" decoding="async" loading="lazy" /></a>
			</dt></dl><dl class='gallery-item'>
			<dt class='gallery-icon portrait'>
				<a href='http://www.swjanzakrzow.archidiecezja.wroc.pl/?attachment_id=1396'><img width="150" height="150" src="http://www.swjanzakrzow.archidiecezja.wroc.pl/wp-content/uploads/2022/09/OratoriumDlaNienarodzonych-23-150x150.jpg" class="attachment-thumbnail size-thumbnail" alt="" decoding="async" loading="lazy" /></a>
			</dt></dl><dl class='gallery-item'>
			<dt class='gallery-icon landscape'>
				<a href='http://www.swjanzakrzow.archidiecezja.wroc.pl/?attachment_id=1397'><img width="150" height="150" src="http://www.swjanzakrzow.archidiecezja.wroc.pl/wp-content/uploads/2022/09/OratoriumDlaNienarodzonych-25-1-150x150.jpg" class="attachment-thumbnail size-thumbnail" alt="" decoding="async" loading="lazy" /></a>
			</dt></dl><br style="clear: both" />
		</div>

<p>„Vox Apostoli” – Chór Parafii św. Jana Apostoła we Wrocławiu powstał jesienią 2020 roku z inicjatywy wikariuszy parafii: ks. Pawła Szydełki, ks. Grzegorza Gac, dyrygentki Marty Mrzygłód-Chudyk i przy bardzo dużym wsparciu ks. Proboszcza Wiesława Karasia. Od 2021 roku stale współpracuje także z dyrygentem Jakubem Szewczykiem. Na regularną działalność chóru składa się uświetnianie liturgii niedzielnych [&hellip;]</p>
