{"id":179,"date":"2020-12-11T23:35:50","date_gmt":"2020-12-11T22:35:50","guid":{"rendered":"http:\/\/www.swjanzakrzow.archidiecezja.wroc.pl\/?page_id=179"},"modified":"2020-12-11T23:49:06","modified_gmt":"2020-12-11T22:49:06","slug":"domowy-kosciol","status":"publish","type":"page","link":"http:\/\/www.swjanzakrzow.archidiecezja.wroc.pl\/?page_id=179","title":{"rendered":"DOMOWY KO\u015aCI\u00d3\u0141"},"content":{"rendered":"<p style=\"text-align: justify;\"><img decoding=\"async\" loading=\"lazy\" class=\"size-medium wp-image-183 alignleft\" src=\"http:\/\/www.swjanzakrzow.archidiecezja.wroc.pl\/wp-content\/uploads\/2020\/12\/157622535215df34a48331fb543267580-217x300.jpg\" alt=\"\" width=\"217\" height=\"300\" srcset=\"http:\/\/www.swjanzakrzow.archidiecezja.wroc.pl\/wp-content\/uploads\/2020\/12\/157622535215df34a48331fb543267580-217x300.jpg 217w, http:\/\/www.swjanzakrzow.archidiecezja.wroc.pl\/wp-content\/uploads\/2020\/12\/157622535215df34a48331fb543267580-676x935.jpg 676w, http:\/\/www.swjanzakrzow.archidiecezja.wroc.pl\/wp-content\/uploads\/2020\/12\/157622535215df34a48331fb543267580.jpg 740w\" sizes=\"(max-width: 217px) 100vw, 217px\" \/>Domowy Ko\u015bci\u00f3\u0142 to ma\u0142\u017ce\u0144sko-rodzinny ruch \u015bwieckich w Ko\u015bciele, dzia\u0142aj\u0105cy w ramach Ruchu \u015awiat\u0142o-\u017bycie. \u0141\u0105czy on w sobie charyzmaty Ruchu \u015awiat\u0142o-\u017bycie i mi\u0119dzynarodowego ruchu ma\u0142\u017ce\u0144stw katolickich , tworz\u0105c w\u0142a\u015bciw\u0105 dla siebie drog\u0119.<\/p>\n<p style=\"text-align: justify;\">Za\u0142o\u017cycielem jest S\u0142uga Bo\u017cy ks. Franciszek Blachnicki(1921-1987). Ksi\u0105dz Franciszek jest ojcem duchowym dla Ruchu \u015awiat\u0142o-\u017bycie. 9 grudnia 1995 roku rozpocz\u0105\u0142 si\u0119 jego proces beatyfikacyjny.<\/p>\n<p style=\"text-align: justify;\"><img decoding=\"async\" loading=\"lazy\" class=\"size-medium wp-image-184 alignleft\" src=\"http:\/\/www.swjanzakrzow.archidiecezja.wroc.pl\/wp-content\/uploads\/2020\/12\/oaza-rodzin-226x300.gif\" alt=\"\" width=\"226\" height=\"300\" \/>Znakiem DK s\u0105 dwa greckie s\u0142owa: \u201eFOS\u201d- \u015bwiat\u0142o i \u201eZOE\u201d \u2013 \u017cycie, wpisane w kszta\u0142t krzy\u017ca, wyrastaj\u0105cego spomi\u0119dzy dw\u00f3ch z\u0142\u0105czonych obr\u0105czek, umieszczonych wraz z krzy\u017cem w figurze domu.<\/p>\n<p style=\"text-align: justify;\">Wsp\u00f3lnota Domowego Ko\u015bcio\u0142a &#8211; Zwraca szczeg\u00f3ln\u0105 uwag\u0119 na duchowo\u015b\u0107 ma\u0142\u017ce\u0144sk\u0105, czyli d\u0105\u017cenie do \u015bwi\u0119to\u015bci w jedno\u015bci ze wsp\u00f3\u0142ma\u0142\u017conkiem. Chce pom\u00f3c ma\u0142\u017conkom trwaj\u0105cym w zwi\u0105zku sakramentalnym w budowaniu mi\u0119dzy nimi prawdziwej jedno\u015bci ma\u0142\u017ce\u0144skiej, kt\u00f3ra jednocze\u015bnie stwarza najlepsze warunki do dobrego wychowania dzieci w duchu chrze\u015bcija\u0144skim. DK d\u0105\u017cy do odnowy ma\u0142\u017ce\u0144stwa i rodziny poprzez wdra\u017canie do:<\/p>\n<ul style=\"text-align: justify;\">\n<li>\u017bycia S\u0142owem Bo\u017cym, aby stawa\u0142o si\u0119 ono s\u0142owem \u017cycia,<\/li>\n<li>\u017bycia modlitw\u0105, jako osobistego spotkania z Chrystusem, swoim Zbawicielem,<\/li>\n<li>\u017bycia sakramentalnego, zw\u0142aszcza eucharystycznego,<\/li>\n<li>Dawania \u015bwiadectwa o swoim spotkaniu z Chrystusem w ma\u0142\u017ce\u0144stwie, rodzinie i wobec innych ludzi,<\/li>\n<li>Postawy s\u0142u\u017cby we wsp\u00f3lnocie Ko\u015bcio\u0142a, wed\u0142ug otrzymanych dar\u00f3w.<\/li>\n<\/ul>\n<p style=\"text-align: justify;\">Budowaniu jedno\u015bci w ma\u0142\u017ce\u0144stwie i rodzinie s\u0142u\u017c\u0105 poszczeg\u00f3lne elementy formacyjne:<\/p>\n<ul style=\"text-align: justify;\">\n<li>Codzienna modlitwa osobista,<\/li>\n<li>regularne spotkanie ze s\u0142owem Bo\u017cym,<\/li>\n<li>codzienna modlitwa ma\u0142\u017ce\u0144ska, rodzinna,<\/li>\n<li>comiesi\u0119czny dialog ma\u0142\u017ce\u0144ski,<\/li>\n<li>comiesi\u0119czne spotkanie kr\u0119gu,<\/li>\n<li>regu\u0142a \u017cycia,<\/li>\n<li>udzia\u0142 w rekolekcjach formacyjnych.<\/li>\n<\/ul>\n<p style=\"text-align: justify;\">W roku 2013 przy Parafii pw. \u015awi\u0119tego Jana Aposto\u0142a powsta\u0142 pierwszy kr\u0105g DK \u015awi\u0119tego Ojca Pio, w kt\u00f3rym formuje si\u0119 7 ma\u0142\u017ce\u0144stw, natomiast w 2019 powsta\u0142 1 kr\u0105g pilotowany, w kt\u00f3rym s\u0105 obecne 4 ma\u0142\u017ce\u0144stwa + ma\u0142\u017ce\u0144stwo pilotuj\u0105ce. Kilka rodzin jest zwi\u0105zanych z DK, b\u0119d\u0105c cz\u0142onkami kr\u0119g\u00f3w w innych Parafiach. Nasze kr\u0119gi nale\u017c\u0105 do Rejonu Wroc\u0142aw Psie Pole. Wsp\u00f3lnota Domowego Ko\u015bcio\u0142a podejmuje kilka inicjatyw, kt\u00f3re realizuje r\u00f3wnie\u017c we wsp\u00f3\u0142pracy z innymi wsp\u00f3lnotami:<\/p>\n<ul style=\"text-align: justify;\">\n<li>Przygotowanie i Prowadzenie Adoracji Naj\u015bwi\u0119tszego Sakramentu w I Niedziel\u0119 miesi\u0105ca na Mszy \u015awi\u0119tej o godzinie 13.15,<\/li>\n<li>Bal wszystkich \u015bwi\u0119tych,<\/li>\n<li>Kol\u0119dowanie,<\/li>\n<li>Budowa Grobu Pa\u0144skiego i Szopki Bo\u017conarodzeniowej,<\/li>\n<li>Duchowa Adopcja Dziecka Pocz\u0119tego.<\/li>\n<\/ul>\n<p style=\"text-align: justify;\">Aktualnie Par\u0105 Animatorsk\u0105 Kr\u0119gu \u015awi\u0119tego Ojca Pio jest ma\u0142\u017ce\u0144stwo: Monika i Adam Pier\u015bci\u0144scy, opiekunem jest ksi\u0105dz moderator Grzegorz Gac.<\/p>\n<p style=\"text-align: justify;\">Kontakt do DK: Monika i Adam &#8211;\u00a0 tel. 507-355-129<\/p>\n<p style=\"text-align: justify;\">Par\u0105 Pilotuj\u0105c\u0105 kr\u0119gu Pilotowanego jest ma\u0142\u017ce\u0144stwo: Agnieszka i Maciej Misiak, opiekunem jest ksi\u0105dz moderator Pawe\u0142 Szyde\u0142ko.<\/p>\n<p style=\"text-align: justify;\">Kontakt do Agnieszka i Maciej Misiak, tel. 501-238-104<\/p>\n","protected":false},"excerpt":{"rendered":"<p>Domowy Ko\u015bci\u00f3\u0142 to ma\u0142\u017ce\u0144sko-rodzinny ruch \u015bwieckich w Ko\u015bciele, dzia\u0142aj\u0105cy w ramach Ruchu \u015awiat\u0142o-\u017bycie. \u0141\u0105czy on w sobie charyzmaty Ruchu \u015awiat\u0142o-\u017bycie i mi\u0119dzynarodowego ruchu ma\u0142\u017ce\u0144stw katolickich , tworz\u0105c w\u0142a\u015bciw\u0105 dla siebie drog\u0119. Za\u0142o\u017cycielem jest S\u0142uga Bo\u017cy ks. Franciszek Blachnicki(1921-1987). Ksi\u0105dz Franciszek jest ojcem duchowym dla Ruchu \u015awiat\u0142o-\u017bycie. 9 grudnia 1995 roku rozpocz\u0105\u0142 si\u0119 jego proces beatyfikacyjny. [&hellip;]<\/p>\n","protected":false},"author":2,"featured_media":0,"parent":0,"menu_order":0,"comment_status":"closed","ping_status":"closed","template":"","meta":[],"_links":{"self":[{"href":"http:\/\/www.swjanzakrzow.archidiecezja.wroc.pl\/index.php?rest_route=\/wp\/v2\/pages\/179"}],"collection":[{"href":"http:\/\/www.swjanzakrzow.archidiecezja.wroc.pl\/index.php?rest_route=\/wp\/v2\/pages"}],"about":[{"href":"http:\/\/www.swjanzakrzow.archidiecezja.wroc.pl\/index.php?rest_route=\/wp\/v2\/types\/page"}],"author":[{"embeddable":true,"href":"http:\/\/www.swjanzakrzow.archidiecezja.wroc.pl\/index.php?rest_route=\/wp\/v2\/users\/2"}],"replies":[{"embeddable":true,"href":"http:\/\/www.swjanzakrzow.archidiecezja.wroc.pl\/index.php?rest_route=%2Fwp%2Fv2%2Fcomments&post=179"}],"version-history":[{"count":3,"href":"http:\/\/www.swjanzakrzow.archidiecezja.wroc.pl\/index.php?rest_route=\/wp\/v2\/pages\/179\/revisions"}],"predecessor-version":[{"id":185,"href":"http:\/\/www.swjanzakrzow.archidiecezja.wroc.pl\/index.php?rest_route=\/wp\/v2\/pages\/179\/revisions\/185"}],"wp:attachment":[{"href":"http:\/\/www.swjanzakrzow.archidiecezja.wroc.pl\/index.php?rest_route=%2Fwp%2Fv2%2Fmedia&parent=179"}],"curies":[{"name":"wp","href":"https:\/\/api.w.org\/{rel}","templated":true}]}}

DOMOWY KOŚCIÓŁ

<p style="text-align: justify;"><img decoding="async" loading="lazy" class="size-medium wp-image-183 alignleft" src="http://www.swjanzakrzow.archidiecezja.wroc.pl/wp-content/uploads/2020/12/157622535215df34a48331fb543267580-217x300.jpg" alt="" width="217" height="300" srcset="http://www.swjanzakrzow.archidiecezja.wroc.pl/wp-content/uploads/2020/12/157622535215df34a48331fb543267580-217x300.jpg 217w, http://www.swjanzakrzow.archidiecezja.wroc.pl/wp-content/uploads/2020/12/157622535215df34a48331fb543267580-676x935.jpg 676w, http://www.swjanzakrzow.archidiecezja.wroc.pl/wp-content/uploads/2020/12/157622535215df34a48331fb543267580.jpg 740w" sizes="(max-width: 217px) 100vw, 217px" />Domowy Kościół to małżeńsko-rodzinny ruch świeckich w Kościele, działający w ramach Ruchu Światło-Życie. Łączy on w sobie charyzmaty Ruchu Światło-Życie i międzynarodowego ruchu małżeństw katolickich , tworząc właściwą dla siebie drogę.</p>
<p style="text-align: justify;">Założycielem jest Sługa Boży ks. Franciszek Blachnicki(1921-1987). Ksiądz Franciszek jest ojcem duchowym dla Ruchu Światło-Życie. 9 grudnia 1995 roku rozpoczął się jego proces beatyfikacyjny.</p>
<p style="text-align: justify;"><img decoding="async" loading="lazy" class="size-medium wp-image-184 alignleft" src="http://www.swjanzakrzow.archidiecezja.wroc.pl/wp-content/uploads/2020/12/oaza-rodzin-226x300.gif" alt="" width="226" height="300" />Znakiem DK są dwa greckie słowa: „FOS”- światło i „ZOE” – życie, wpisane w kształt krzyża, wyrastającego spomiędzy dwóch złączonych obrączek, umieszczonych wraz z krzyżem w figurze domu.</p>
<p style="text-align: justify;">Wspólnota Domowego Kościoła &#8211; Zwraca szczególną uwagę na duchowość małżeńską, czyli dążenie do świętości w jedności ze współmałżonkiem. Chce pomóc małżonkom trwającym w związku sakramentalnym w budowaniu między nimi prawdziwej jedności małżeńskiej, która jednocześnie stwarza najlepsze warunki do dobrego wychowania dzieci w duchu chrześcijańskim. DK dąży do odnowy małżeństwa i rodziny poprzez wdrażanie do:</p>
<ul style="text-align: justify;">
<li>Życia Słowem Bożym, aby stawało się ono słowem życia,</li>
<li>Życia modlitwą, jako osobistego spotkania z Chrystusem, swoim Zbawicielem,</li>
<li>Życia sakramentalnego, zwłaszcza eucharystycznego,</li>
<li>Dawania świadectwa o swoim spotkaniu z Chrystusem w małżeństwie, rodzinie i wobec innych ludzi,</li>
<li>Postawy służby we wspólnocie Kościoła, według otrzymanych darów.</li>
</ul>
<p style="text-align: justify;">Budowaniu jedności w małżeństwie i rodzinie służą poszczególne elementy formacyjne:</p>
<ul style="text-align: justify;">
<li>Codzienna modlitwa osobista,</li>
<li>regularne spotkanie ze słowem Bożym,</li>
<li>codzienna modlitwa małżeńska, rodzinna,</li>
<li>comiesięczny dialog małżeński,</li>
<li>comiesięczne spotkanie kręgu,</li>
<li>reguła życia,</li>
<li>udział w rekolekcjach formacyjnych.</li>
</ul>
<p style="text-align: justify;">W roku 2013 przy Parafii pw. Świętego Jana Apostoła powstał pierwszy krąg DK Świętego Ojca Pio, w którym formuje się 7 małżeństw, natomiast w 2019 powstał 1 krąg pilotowany, w którym są obecne 4 małżeństwa + małżeństwo pilotujące. Kilka rodzin jest związanych z DK, będąc członkami kręgów w innych Parafiach. Nasze kręgi należą do Rejonu Wrocław Psie Pole. Wspólnota Domowego Kościoła podejmuje kilka inicjatyw, które realizuje również we współpracy z innymi wspólnotami:</p>
<ul style="text-align: justify;">
<li>Przygotowanie i Prowadzenie Adoracji Najświętszego Sakramentu w I Niedzielę miesiąca na Mszy Świętej o godzinie 13.15,</li>
<li>Bal wszystkich świętych,</li>
<li>Kolędowanie,</li>
<li>Budowa Grobu Pańskiego i Szopki Bożonarodzeniowej,</li>
<li>Duchowa Adopcja Dziecka Poczętego.</li>
</ul>
<p style="text-align: justify;">Aktualnie Parą Animatorską Kręgu Świętego Ojca Pio jest małżeństwo: Monika i Adam Pierścińscy, opiekunem jest ksiądz moderator Grzegorz Gac.</p>
<p style="text-align: justify;">Kontakt do DK: Monika i Adam &#8211;  tel. 507-355-129</p>
<p style="text-align: justify;">Parą Pilotującą kręgu Pilotowanego jest małżeństwo: Agnieszka i Maciej Misiak, opiekunem jest ksiądz moderator Paweł Szydełko.</p>
<p style="text-align: justify;">Kontakt do Agnieszka i Maciej Misiak, tel. 501-238-104</p>

<p>Domowy Kościół to małżeńsko-rodzinny ruch świeckich w Kościele, działający w ramach Ruchu Światło-Życie. Łączy on w sobie charyzmaty Ruchu Światło-Życie i międzynarodowego ruchu małżeństw katolickich , tworząc właściwą dla siebie drogę. Założycielem jest Sługa Boży ks. Franciszek Blachnicki(1921-1987). Ksiądz Franciszek jest ojcem duchowym dla Ruchu Światło-Życie. 9 grudnia 1995 roku rozpoczął się jego proces beatyfikacyjny. [&hellip;]</p>
