{"id":190,"date":"2020-12-12T00:00:50","date_gmt":"2020-12-11T23:00:50","guid":{"rendered":"http:\/\/www.swjanzakrzow.archidiecezja.wroc.pl\/?page_id=190"},"modified":"2020-12-12T00:09:39","modified_gmt":"2020-12-11T23:09:39","slug":"nasz-patron","status":"publish","type":"page","link":"http:\/\/www.swjanzakrzow.archidiecezja.wroc.pl\/?page_id=190","title":{"rendered":"NASZ PATRON"},"content":{"rendered":"<p style=\"text-align: justify;\"><img decoding=\"async\" loading=\"lazy\" class=\"size-medium wp-image-194 alignleft\" src=\"http:\/\/www.swjanzakrzow.archidiecezja.wroc.pl\/wp-content\/uploads\/2020\/12\/IMG_20191008_203554-1-201x300.jpg\" alt=\"\" width=\"201\" height=\"300\" srcset=\"http:\/\/www.swjanzakrzow.archidiecezja.wroc.pl\/wp-content\/uploads\/2020\/12\/IMG_20191008_203554-1-201x300.jpg 201w, http:\/\/www.swjanzakrzow.archidiecezja.wroc.pl\/wp-content\/uploads\/2020\/12\/IMG_20191008_203554-1-685x1024.jpg 685w, http:\/\/www.swjanzakrzow.archidiecezja.wroc.pl\/wp-content\/uploads\/2020\/12\/IMG_20191008_203554-1-768x1148.jpg 768w, http:\/\/www.swjanzakrzow.archidiecezja.wroc.pl\/wp-content\/uploads\/2020\/12\/IMG_20191008_203554-1-1028x1536.jpg 1028w, http:\/\/www.swjanzakrzow.archidiecezja.wroc.pl\/wp-content\/uploads\/2020\/12\/IMG_20191008_203554-1-1370x2048.jpg 1370w, http:\/\/www.swjanzakrzow.archidiecezja.wroc.pl\/wp-content\/uploads\/2020\/12\/IMG_20191008_203554-1-676x1011.jpg 676w, http:\/\/www.swjanzakrzow.archidiecezja.wroc.pl\/wp-content\/uploads\/2020\/12\/IMG_20191008_203554-1-scaled.jpg 1713w\" sizes=\"(max-width: 201px) 100vw, 201px\" \/>\u015aw. Jan, Aposto\u0142, Ewangelista (+ ok. 100) &#8211; Prorok, teolog, mistyk. By\u0142 synem Zebedeusza i Salome, m\u0142odszym bratem Jakuba Starszego (Mt 4,21). Pracowa\u0142 jako rybak. Ucze\u0144 Jana Chrzciciela. Razem ze \u015bw. Andrzejem poszed\u0142 za Jezusem (J 1,38-40). By\u0142 jego umi\u0142owanym uczniem. Ewangelia odnotowuje obecno\u015b\u0107 Jana podczas Przemienienia na G\u00f3rze Tabor (Mk 9,2), przy wskrzeszeniu c\u00f3rki Jaira (Mk 5,37) oraz w czasie aresztowania Jezusa w Ogrodzie Oliwnym (Mk 14,33). Podczas Ostatniej Wieczerzy spocz\u0105\u0142 na piersi Zbawiciela. Chrystus z krzy\u017ca powierza mu swoj\u0105 Matk\u0119, a Jej Jana jako przybranego syna (J 19,26-27). Po zmartwychwstaniu przybywa razem ze \u015bw. Piotrem do grobu, gdzie ujrza\u0142 i uwierzy\u0142 (J 20, 8), \u017ce Chrystus \u017cyje. By\u0142 z Piotrem podczas cudownego uzdrowienia paralityka przy Z\u0142otej Bramie (Dz 4,13). Przebywa\u0142 przez wiele lat w Jerozolimie (Gal 2,9), potem w Samarii (?), nast\u0119pnie w Efezie. W tym mie\u015bcie mia\u0142 si\u0119 opiekowa\u0107 Naj\u015bwi\u0119tsz\u0105 Pann\u0105 Maryj\u0105 a\u017c do Jej Za\u015bni\u0119cia. W Efezie napisa\u0142 Ewangeli\u0119 i trzy listy apostolskie. Przez cesarza Domicjana zosta\u0142 zes\u0142any na wysp\u0119 Patmos, tam napisa\u0142 Apokalips\u0119. Za panowania Nerwy powr\u00f3ci\u0142 do Efezu. Tutaj, jako jedyny z aposto\u0142\u00f3w, zmar\u0142 \u015bmierci\u0105 naturaln\u0105. Patron Albanii, Azji Mniejszej; aptekarzy bednarzy, dziewic, zawod\u00f3w zwi\u0105zanych z pisaniem i przepisywaniem: introligator\u00f3w, kopist\u00f3w, kre\u015blarzy, biograf\u00f3w, papiernik\u00f3w, pisarzy; oraz owczarzy, p\u0142atnerzy, skryb\u00f3w, \u015blusarzy, teolog\u00f3w, uprawiaj\u0105cych winoro\u015bl, wd\u00f3w. Jemu po\u015bwi\u0119cona jest katedra papie\u017cy &#8211; bazylika Zbawiciela na Lateranie, matka wszystkich ko\u015bcio\u0142\u00f3w.<\/p>\n<p style=\"text-align: justify;\">Litania do \u015aw. Jana Aposto\u0142a<\/p>\n<p style=\"text-align: justify;\">Kyrie elejson, Chryste elejson, Kyrie elejson.<\/p>\n<p style=\"text-align: justify;\">Chryste us\u0142ysz nas, Chryste wys\u0142uchaj nas.<\/p>\n<p style=\"text-align: justify;\">Ojcze z nieba, Bo\u017ce, zmi\u0142uj si\u0119 nad nami.<\/p>\n<p style=\"text-align: justify;\">Synu, Odkupicielu \u015awiata, Bo\u017ce, zmi\u0142uj si\u0119 nad nami.<\/p>\n<p style=\"text-align: justify;\">Duchu \u015awi\u0119ty, Bo\u017ce, zmi\u0142uj si\u0119 nad nami.<\/p>\n<p style=\"text-align: justify;\">\u015awi\u0119ta Tr\u00f3jco, Jedyny Bo\u017ce, zmi\u0142uj si\u0119 nad nami.<\/p>\n<p style=\"text-align: justify;\">\u015awi\u0119ta Maryjo, Kr\u00f3lowo Aposto\u0142\u00f3w m\u00f3dl si\u0119 za nami.<\/p>\n<p style=\"text-align: justify;\">\u015awi\u0119ty Janie, synu Zebedeusza, m\u00f3dl si\u0119 za nami<\/p>\n<p style=\"text-align: justify;\">\u015awi\u0119ty Janie, synu Gromu, m\u00f3dl si\u0119 za nami<\/p>\n<p style=\"text-align: justify;\">\u015awi\u0119ty Janie, Rybaku z Galilei, m\u00f3dl si\u0119 za nami<\/p>\n<p style=\"text-align: justify;\">\u015awi\u0119ty Janie, Bracie Jakubowy, m\u00f3dl si\u0119 za nami<\/p>\n<p style=\"text-align: justify;\">\u015awi\u0119ty Janie, Uczniu \u015bw. Jana Chrzciciela, m\u00f3dl si\u0119 za nami<\/p>\n<p style=\"text-align: justify;\">\u015awi\u0119ty Janie, powo\u0142any przez Chrystusa Pana do Grona Dwunastu, m\u00f3dl si\u0119 za nami<\/p>\n<p style=\"text-align: justify;\">\u015awi\u0119ty Janie, Umi\u0142owany Uczniu Mistrza z Nazaretu, m\u00f3dl si\u0119 za nami<\/p>\n<p style=\"text-align: justify;\">\u015awi\u0119ty Janie, wiernie s\u0142uchaj\u0105cy Dobrej Nowiny, m\u00f3dl si\u0119 za nami<\/p>\n<p style=\"text-align: justify;\">\u015awi\u0119ty Janie, wspania\u0142y Apostole, m\u00f3dl si\u0119 za nami<\/p>\n<p style=\"text-align: justify;\">\u015awi\u0119ty Janie, \u015bwiadku wskrzeszenia c\u00f3rki Jaira, m\u00f3dl si\u0119 za nami<\/p>\n<p style=\"text-align: justify;\">\u015awi\u0119ty Janie, ogl\u0105daj\u0105cy ja\u015bniej\u0105ce Oblicze Pana w Przemienieniu na g\u00f3rze Tabor, m\u00f3dl si\u0119 za nami<\/p>\n<p style=\"text-align: justify;\">\u015awi\u0119ty Janie, spoczywaj\u0105cy na piersi Chrystusa w czasie Ostatniej Wieczerzy, m\u00f3dl si\u0119 za nami<\/p>\n<p style=\"text-align: justify;\">\u015awi\u0119ty Janie, przyjmuj\u0105cy Cia\u0142o i Krew z R\u0105k Chrystusa, m\u00f3dl si\u0119 za nami<\/p>\n<p style=\"text-align: justify;\">\u015awi\u0119ty Janie, wybrany do czuwania w Gestemani, m\u00f3dl si\u0119 za nami<\/p>\n<p style=\"text-align: justify;\">\u015awi\u0119ty Janie, trwaj\u0105cy z Matk\u0105 Bolesn\u0105 przy konaj\u0105cym Zbawicielu na Golgocie, m\u00f3dl si\u0119 za nami<\/p>\n<p style=\"text-align: justify;\">\u015awi\u0119ty Janie, s\u0142uchaj\u0105cy ostatnich s\u0142\u00f3w Boga \u2013 Cz\u0142owieka, m\u00f3dl si\u0119 za nami<\/p>\n<p style=\"text-align: justify;\">\u015awi\u0119ty Janie, Opiekunie Matki Chrystusa, m\u00f3dl si\u0119 za nami<\/p>\n<p style=\"text-align: justify;\">\u015awi\u0119ty Janie, biegn\u0105cy do Grobu w poranek wielkanocny m\u00f3dl si\u0119 za nami<\/p>\n<p style=\"text-align: justify;\">\u015awi\u0119ty Janie, trwaj\u0105cy na modlitwie w Wieczerniku przed Zes\u0142aniem Ducha \u015awi\u0119tego m\u00f3dl si\u0119 za nami<\/p>\n<p style=\"text-align: justify;\">\u015awi\u0119ty Janie, autorze natchniony Ewangelii, m\u00f3dl si\u0119 za nami<\/p>\n<p style=\"text-align: justify;\">\u015awi\u0119ty Janie, pisz\u0105cy listy i Apokalips\u0119, m\u00f3dl si\u0119 za nami<\/p>\n<p style=\"text-align: justify;\">\u015awi\u0119ty Janie, S\u0142ugo Zbawiciela, m\u00f3dl si\u0119 za nami<\/p>\n<p style=\"text-align: justify;\">\u015awi\u0119ty Janie, Patronie Emeryt\u00f3w i Rencist\u00f3w, m\u00f3dl si\u0119 za nami<\/p>\n<p style=\"text-align: justify;\">\u015awi\u0119ty Janie, Or\u0119downiku nasz u Tronu Bo\u017cego, m\u00f3dl si\u0119 za nami<\/p>\n<p style=\"text-align: justify;\">\u015awi\u0119ty Janie, Wzorze \u017cycia \u015bwi\u0119tego, m\u00f3dl si\u0119 za nami<\/p>\n<p style=\"text-align: justify;\">\u015awi\u0119ty Janie, Patronie naszej parafii, m\u00f3dl si\u0119 za nami.<\/p>\n<p style=\"text-align: justify;\">Baranku Bo\u017cy, kt\u00f3ry g\u0142adzisz grzechy \u015bwiata, przepu\u015b\u0107 nam, Panie.<\/p>\n<p style=\"text-align: justify;\">Baranku Bo\u017cy, kt\u00f3ry g\u0142adzisz grzechy \u015bwiata, wys\u0142uchaj nas, Panie.<\/p>\n<p style=\"text-align: justify;\">Baranku Bo\u017cy, kt\u00f3ry g\u0142adzisz grzechy \u015bwiata, zmi\u0142uj si\u0119 nad nami.<\/p>\n<p style=\"text-align: justify;\">P. Wspom\u00f3\u017c nas, mo\u017cny Patronie.<\/p>\n<p style=\"text-align: justify;\">W. Bo w Tobie pok\u0142adamy ufno\u015b\u0107.<\/p>\n<p style=\"text-align: justify;\">M\u00f3dlmy si\u0119: Bo\u017ce, nasz Ojcze, kt\u00f3ry da\u0142e\u015b ludziom Swego Jedynego Syna, w Jego Imi\u0119 i za wstawiennictwem \u015awi\u0119tego Jana Aposto\u0142a, prosimy pokornie, aby\u015b raczy\u0142 wys\u0142ucha\u0107 modlitwy Ko\u015bcio\u0142a Chrystusowego, naszej parafii i ka\u017cdego, kto si\u0119 Twej woli poddaje. Amen.<\/p>\n","protected":false},"excerpt":{"rendered":"<p>\u015aw. Jan, Aposto\u0142, Ewangelista (+ ok. 100) &#8211; Prorok, teolog, mistyk. By\u0142 synem Zebedeusza i Salome, m\u0142odszym bratem Jakuba Starszego (Mt 4,21). Pracowa\u0142 jako rybak. Ucze\u0144 Jana Chrzciciela. Razem ze \u015bw. Andrzejem poszed\u0142 za Jezusem (J 1,38-40). By\u0142 jego umi\u0142owanym uczniem. Ewangelia odnotowuje obecno\u015b\u0107 Jana podczas Przemienienia na G\u00f3rze Tabor (Mk 9,2), przy wskrzeszeniu c\u00f3rki [&hellip;]<\/p>\n","protected":false},"author":2,"featured_media":0,"parent":0,"menu_order":0,"comment_status":"closed","ping_status":"closed","template":"","meta":[],"_links":{"self":[{"href":"http:\/\/www.swjanzakrzow.archidiecezja.wroc.pl\/index.php?rest_route=\/wp\/v2\/pages\/190"}],"collection":[{"href":"http:\/\/www.swjanzakrzow.archidiecezja.wroc.pl\/index.php?rest_route=\/wp\/v2\/pages"}],"about":[{"href":"http:\/\/www.swjanzakrzow.archidiecezja.wroc.pl\/index.php?rest_route=\/wp\/v2\/types\/page"}],"author":[{"embeddable":true,"href":"http:\/\/www.swjanzakrzow.archidiecezja.wroc.pl\/index.php?rest_route=\/wp\/v2\/users\/2"}],"replies":[{"embeddable":true,"href":"http:\/\/www.swjanzakrzow.archidiecezja.wroc.pl\/index.php?rest_route=%2Fwp%2Fv2%2Fcomments&post=190"}],"version-history":[{"count":3,"href":"http:\/\/www.swjanzakrzow.archidiecezja.wroc.pl\/index.php?rest_route=\/wp\/v2\/pages\/190\/revisions"}],"predecessor-version":[{"id":195,"href":"http:\/\/www.swjanzakrzow.archidiecezja.wroc.pl\/index.php?rest_route=\/wp\/v2\/pages\/190\/revisions\/195"}],"wp:attachment":[{"href":"http:\/\/www.swjanzakrzow.archidiecezja.wroc.pl\/index.php?rest_route=%2Fwp%2Fv2%2Fmedia&parent=190"}],"curies":[{"name":"wp","href":"https:\/\/api.w.org\/{rel}","templated":true}]}}

<p style="text-align: justify;"><img decoding="async" loading="lazy" class="size-medium wp-image-194 alignleft" src="http://www.swjanzakrzow.archidiecezja.wroc.pl/wp-content/uploads/2020/12/IMG_20191008_203554-1-201x300.jpg" alt="" width="201" height="300" srcset="http://www.swjanzakrzow.archidiecezja.wroc.pl/wp-content/uploads/2020/12/IMG_20191008_203554-1-201x300.jpg 201w, http://www.swjanzakrzow.archidiecezja.wroc.pl/wp-content/uploads/2020/12/IMG_20191008_203554-1-685x1024.jpg 685w, http://www.swjanzakrzow.archidiecezja.wroc.pl/wp-content/uploads/2020/12/IMG_20191008_203554-1-768x1148.jpg 768w, http://www.swjanzakrzow.archidiecezja.wroc.pl/wp-content/uploads/2020/12/IMG_20191008_203554-1-1028x1536.jpg 1028w, http://www.swjanzakrzow.archidiecezja.wroc.pl/wp-content/uploads/2020/12/IMG_20191008_203554-1-1370x2048.jpg 1370w, http://www.swjanzakrzow.archidiecezja.wroc.pl/wp-content/uploads/2020/12/IMG_20191008_203554-1-676x1011.jpg 676w, http://www.swjanzakrzow.archidiecezja.wroc.pl/wp-content/uploads/2020/12/IMG_20191008_203554-1-scaled.jpg 1713w" sizes="(max-width: 201px) 100vw, 201px" />Św. Jan, Apostoł, Ewangelista (+ ok. 100) &#8211; Prorok, teolog, mistyk. Był synem Zebedeusza i Salome, młodszym bratem Jakuba Starszego (Mt 4,21). Pracował jako rybak. Uczeń Jana Chrzciciela. Razem ze św. Andrzejem poszedł za Jezusem (J 1,38-40). Był jego umiłowanym uczniem. Ewangelia odnotowuje obecność Jana podczas Przemienienia na Górze Tabor (Mk 9,2), przy wskrzeszeniu córki Jaira (Mk 5,37) oraz w czasie aresztowania Jezusa w Ogrodzie Oliwnym (Mk 14,33). Podczas Ostatniej Wieczerzy spoczął na piersi Zbawiciela. Chrystus z krzyża powierza mu swoją Matkę, a Jej Jana jako przybranego syna (J 19,26-27). Po zmartwychwstaniu przybywa razem ze św. Piotrem do grobu, gdzie ujrzał i uwierzył (J 20, 8), że Chrystus żyje. Był z Piotrem podczas cudownego uzdrowienia paralityka przy Złotej Bramie (Dz 4,13). Przebywał przez wiele lat w Jerozolimie (Gal 2,9), potem w Samarii (?), następnie w Efezie. W tym mieście miał się opiekować Najświętszą Panną Maryją aż do Jej Zaśnięcia. W Efezie napisał Ewangelię i trzy listy apostolskie. Przez cesarza Domicjana został zesłany na wyspę Patmos, tam napisał Apokalipsę. Za panowania Nerwy powrócił do Efezu. Tutaj, jako jedyny z apostołów, zmarł śmiercią naturalną. Patron Albanii, Azji Mniejszej; aptekarzy bednarzy, dziewic, zawodów związanych z pisaniem i przepisywaniem: introligatorów, kopistów, kreślarzy, biografów, papierników, pisarzy; oraz owczarzy, płatnerzy, skrybów, ślusarzy, teologów, uprawiających winorośl, wdów. Jemu poświęcona jest katedra papieży &#8211; bazylika Zbawiciela na Lateranie, matka wszystkich kościołów.</p>
<p style="text-align: justify;">Litania do Św. Jana Apostoła</p>
<p style="text-align: justify;">Kyrie elejson, Chryste elejson, Kyrie elejson.</p>
<p style="text-align: justify;">Chryste usłysz nas, Chryste wysłuchaj nas.</p>
<p style="text-align: justify;">Ojcze z nieba, Boże, zmiłuj się nad nami.</p>
<p style="text-align: justify;">Synu, Odkupicielu Świata, Boże, zmiłuj się nad nami.</p>
<p style="text-align: justify;">Duchu Święty, Boże, zmiłuj się nad nami.</p>
<p style="text-align: justify;">Święta Trójco, Jedyny Boże, zmiłuj się nad nami.</p>
<p style="text-align: justify;">Święta Maryjo, Królowo Apostołów módl się za nami.</p>
<p style="text-align: justify;">Święty Janie, synu Zebedeusza, módl się za nami</p>
<p style="text-align: justify;">Święty Janie, synu Gromu, módl się za nami</p>
<p style="text-align: justify;">Święty Janie, Rybaku z Galilei, módl się za nami</p>
<p style="text-align: justify;">Święty Janie, Bracie Jakubowy, módl się za nami</p>
<p style="text-align: justify;">Święty Janie, Uczniu św. Jana Chrzciciela, módl się za nami</p>
<p style="text-align: justify;">Święty Janie, powołany przez Chrystusa Pana do Grona Dwunastu, módl się za nami</p>
<p style="text-align: justify;">Święty Janie, Umiłowany Uczniu Mistrza z Nazaretu, módl się za nami</p>
<p style="text-align: justify;">Święty Janie, wiernie słuchający Dobrej Nowiny, módl się za nami</p>
<p style="text-align: justify;">Święty Janie, wspaniały Apostole, módl się za nami</p>
<p style="text-align: justify;">Święty Janie, świadku wskrzeszenia córki Jaira, módl się za nami</p>
<p style="text-align: justify;">Święty Janie, oglądający jaśniejące Oblicze Pana w Przemienieniu na górze Tabor, módl się za nami</p>
<p style="text-align: justify;">Święty Janie, spoczywający na piersi Chrystusa w czasie Ostatniej Wieczerzy, módl się za nami</p>
<p style="text-align: justify;">Święty Janie, przyjmujący Ciało i Krew z Rąk Chrystusa, módl się za nami</p>
<p style="text-align: justify;">Święty Janie, wybrany do czuwania w Gestemani, módl się za nami</p>
<p style="text-align: justify;">Święty Janie, trwający z Matką Bolesną przy konającym Zbawicielu na Golgocie, módl się za nami</p>
<p style="text-align: justify;">Święty Janie, słuchający ostatnich słów Boga – Człowieka, módl się za nami</p>
<p style="text-align: justify;">Święty Janie, Opiekunie Matki Chrystusa, módl się za nami</p>
<p style="text-align: justify;">Święty Janie, biegnący do Grobu w poranek wielkanocny módl się za nami</p>
<p style="text-align: justify;">Święty Janie, trwający na modlitwie w Wieczerniku przed Zesłaniem Ducha Świętego módl się za nami</p>
<p style="text-align: justify;">Święty Janie, autorze natchniony Ewangelii, módl się za nami</p>
<p style="text-align: justify;">Święty Janie, piszący listy i Apokalipsę, módl się za nami</p>
<p style="text-align: justify;">Święty Janie, Sługo Zbawiciela, módl się za nami</p>
<p style="text-align: justify;">Święty Janie, Patronie Emerytów i Rencistów, módl się za nami</p>
<p style="text-align: justify;">Święty Janie, Orędowniku nasz u Tronu Bożego, módl się za nami</p>
<p style="text-align: justify;">Święty Janie, Wzorze życia świętego, módl się za nami</p>
<p style="text-align: justify;">Święty Janie, Patronie naszej parafii, módl się za nami.</p>
<p style="text-align: justify;">Baranku Boży, który gładzisz grzechy świata, przepuść nam, Panie.</p>
<p style="text-align: justify;">Baranku Boży, który gładzisz grzechy świata, wysłuchaj nas, Panie.</p>
<p style="text-align: justify;">Baranku Boży, który gładzisz grzechy świata, zmiłuj się nad nami.</p>
<p style="text-align: justify;">P. Wspomóż nas, możny Patronie.</p>
<p style="text-align: justify;">W. Bo w Tobie pokładamy ufność.</p>
<p style="text-align: justify;">Módlmy się: Boże, nasz Ojcze, który dałeś ludziom Swego Jedynego Syna, w Jego Imię i za wstawiennictwem Świętego Jana Apostoła, prosimy pokornie, abyś raczył wysłuchać modlitwy Kościoła Chrystusowego, naszej parafii i każdego, kto się Twej woli poddaje. Amen.</p>

<p>Św. Jan, Apostoł, Ewangelista (+ ok. 100) &#8211; Prorok, teolog, mistyk. Był synem Zebedeusza i Salome, młodszym bratem Jakuba Starszego (Mt 4,21). Pracował jako rybak. Uczeń Jana Chrzciciela. Razem ze św. Andrzejem poszedł za Jezusem (J 1,38-40). Był jego umiłowanym uczniem. Ewangelia odnotowuje obecność Jana podczas Przemienienia na Górze Tabor (Mk 9,2), przy wskrzeszeniu córki [&hellip;]</p>
