{"id":28,"date":"2020-12-11T16:40:24","date_gmt":"2020-12-11T15:40:24","guid":{"rendered":"http:\/\/www.swjanzakrzow.archidiecezja.wroc.pl\/?page_id=28"},"modified":"2024-10-20T11:46:19","modified_gmt":"2024-10-20T09:46:19","slug":"duszpasterze","status":"publish","type":"page","link":"http:\/\/www.swjanzakrzow.archidiecezja.wroc.pl\/?page_id=28","title":{"rendered":"DUSZPASTERZE"},"content":{"rendered":"<p><strong>PROBOSZCZ<\/strong><\/p>\n<p>ks. Wies\u0142aw Kara\u015b &#8211; Kan. hon. ex. num. Kap. Koleg. dziekan dekanatu Wroc\u0142aw P\u00f3\u0142noc III &#8211; ust. 1999, opiekun Stra\u017cy Honorowej NSPJ.<\/p>\n<p><strong>WIKARIUSZE<\/strong><\/p>\n<p>ks. Pawe\u0142 Szyde\u0142ko &#8211; ust. 2018, duszpasterz Kr\u0119gu Domowego Ko\u015bcio\u0142a, M\u0142odzie\u017cowej Grupy Modlitewnej, katecheta w SP nr 44 i Publicznej Szko\u0142y Marco Polo.<\/p>\n<p>ks. Mariusz Adamczyk &#8211; ust. 2024, opiekun LSO, duszpasterz Kr\u0119gu Domowego Ko\u015bcio\u0142a i Skaut\u00f3w Europy, katecheta w SP nr 44.<\/p>\n<p><strong>REZYDENT:<\/strong><\/p>\n<p>Ks. \u0141ukasz Roma\u0144czuk &#8211; ust. 2023 , kr\u0105g biblijny, strona internetowa parafii,<\/p>\n","protected":false},"excerpt":{"rendered":"<p>PROBOSZCZ ks. Wies\u0142aw Kara\u015b &#8211; Kan. hon. ex. num. Kap. Koleg. dziekan dekanatu Wroc\u0142aw P\u00f3\u0142noc III &#8211; ust. 1999, opiekun Stra\u017cy Honorowej NSPJ. WIKARIUSZE ks. Pawe\u0142 Szyde\u0142ko &#8211; ust. 2018, duszpasterz Kr\u0119gu Domowego Ko\u015bcio\u0142a, M\u0142odzie\u017cowej Grupy Modlitewnej, katecheta w SP nr 44 i Publicznej Szko\u0142y Marco Polo. ks. Mariusz Adamczyk &#8211; ust. 2024, opiekun LSO, [&hellip;]<\/p>\n","protected":false},"author":1,"featured_media":0,"parent":0,"menu_order":0,"comment_status":"closed","ping_status":"closed","template":"","meta":[],"_links":{"self":[{"href":"http:\/\/www.swjanzakrzow.archidiecezja.wroc.pl\/index.php?rest_route=\/wp\/v2\/pages\/28"}],"collection":[{"href":"http:\/\/www.swjanzakrzow.archidiecezja.wroc.pl\/index.php?rest_route=\/wp\/v2\/pages"}],"about":[{"href":"http:\/\/www.swjanzakrzow.archidiecezja.wroc.pl\/index.php?rest_route=\/wp\/v2\/types\/page"}],"author":[{"embeddable":true,"href":"http:\/\/www.swjanzakrzow.archidiecezja.wroc.pl\/index.php?rest_route=\/wp\/v2\/users\/1"}],"replies":[{"embeddable":true,"href":"http:\/\/www.swjanzakrzow.archidiecezja.wroc.pl\/index.php?rest_route=%2Fwp%2Fv2%2Fcomments&post=28"}],"version-history":[{"count":5,"href":"http:\/\/www.swjanzakrzow.archidiecezja.wroc.pl\/index.php?rest_route=\/wp\/v2\/pages\/28\/revisions"}],"predecessor-version":[{"id":2269,"href":"http:\/\/www.swjanzakrzow.archidiecezja.wroc.pl\/index.php?rest_route=\/wp\/v2\/pages\/28\/revisions\/2269"}],"wp:attachment":[{"href":"http:\/\/www.swjanzakrzow.archidiecezja.wroc.pl\/index.php?rest_route=%2Fwp%2Fv2%2Fmedia&parent=28"}],"curies":[{"name":"wp","href":"https:\/\/api.w.org\/{rel}","templated":true}]}}

<p><strong>PROBOSZCZ</strong></p>
<p>ks. Wiesław Karaś &#8211; Kan. hon. ex. num. Kap. Koleg. dziekan dekanatu Wrocław Północ III &#8211; ust. 1999, opiekun Straży Honorowej NSPJ.</p>
<p><strong>WIKARIUSZE</strong></p>
<p>ks. Paweł Szydełko &#8211; ust. 2018, duszpasterz Kręgu Domowego Kościoła, Młodzieżowej Grupy Modlitewnej, katecheta w SP nr 44 i Publicznej Szkoły Marco Polo.</p>
<p>ks. Mariusz Adamczyk &#8211; ust. 2024, opiekun LSO, duszpasterz Kręgu Domowego Kościoła i Skautów Europy, katecheta w SP nr 44.</p>
<p><strong>REZYDENT:</strong></p>
<p>Ks. Łukasz Romańczuk &#8211; ust. 2023 , krąg biblijny, strona internetowa parafii,</p>

<p>PROBOSZCZ ks. Wiesław Karaś &#8211; Kan. hon. ex. num. Kap. Koleg. dziekan dekanatu Wrocław Północ III &#8211; ust. 1999, opiekun Straży Honorowej NSPJ. WIKARIUSZE ks. Paweł Szydełko &#8211; ust. 2018, duszpasterz Kręgu Domowego Kościoła, Młodzieżowej Grupy Modlitewnej, katecheta w SP nr 44 i Publicznej Szkoły Marco Polo. ks. Mariusz Adamczyk &#8211; ust. 2024, opiekun LSO, [&hellip;]</p>
