{"id":55,"date":"2020-12-11T16:51:42","date_gmt":"2020-12-11T15:51:42","guid":{"rendered":"http:\/\/www.swjanzakrzow.archidiecezja.wroc.pl\/?page_id=55"},"modified":"2020-12-11T23:58:12","modified_gmt":"2020-12-11T22:58:12","slug":"kaplanstwo","status":"publish","type":"page","link":"http:\/\/www.swjanzakrzow.archidiecezja.wroc.pl\/?page_id=55","title":{"rendered":"KAP\u0141A\u0143STWO"},"content":{"rendered":"<p style=\"text-align: justify;\"><img decoding=\"async\" loading=\"lazy\" class=\"size-medium wp-image-188 alignleft\" src=\"http:\/\/www.swjanzakrzow.archidiecezja.wroc.pl\/wp-content\/uploads\/2020\/12\/KAPLANSTWO-300x134.jpg\" alt=\"\" width=\"300\" height=\"134\" srcset=\"http:\/\/www.swjanzakrzow.archidiecezja.wroc.pl\/wp-content\/uploads\/2020\/12\/KAPLANSTWO-300x134.jpg 300w, http:\/\/www.swjanzakrzow.archidiecezja.wroc.pl\/wp-content\/uploads\/2020\/12\/KAPLANSTWO.jpg 650w\" sizes=\"(max-width: 300px) 100vw, 300px\" \/>Prezbiterzy na mocy sakramentu kap\u0142a\u0144stwa, na podobie\u0144stwo Chrystusa, Najwy\u017cszego i Wiekuistego Kap\u0142ana, swoj\u0105 \u015bwi\u0119t\u0105 misj\u0119 sprawuj\u0105 zw\u0142aszcza w Uczcie eucharystycznej, w kt\u00f3rej dzia\u0142aj\u0105c w osobie Chrystusa i g\u0142osz\u0105c Jego misterium, \u0142\u0105cz\u0105 modlitwy wiernych z ofiar\u0105 Tego, kt\u00f3ry jest ich g\u0142ow\u0105, i uobecniaj\u0105 w ofierze Mszy \u015bwi\u0119tej jedyn\u0105 ofiar\u0119 Nowego Testamentu, mianowicie Chrystusa ofiaruj\u0105cego siebie raz jeden Ojcu. (por. Sob\u00f3r Watyka\u0144ski II, Konstytucja Dogmatyczna o Ko\u015bciele, 28)<\/p>\n<p style=\"text-align: justify;\"><strong>STOPNIE \u015aWI\u0118CE\u0143<\/strong><\/p>\n<p style=\"text-align: justify;\">1. Biskup &#8211; Pe\u0142ni\u0119 kap\u0142a\u0144stwa posiadaj\u0105 biskupi, kt\u00f3rzy jako nast\u0119pcy Aposto\u0142\u00f3w kontynuuj\u0105 ich pos\u0142annictwo. Jest to misja, kt\u00f3r\u0105 sam Jezus wype\u0142nia\u0142 na ziemi jako Kap\u0142an, Nauczyciel i Pasterz. Nast\u0119pnie powierzy\u0142 j\u0105 wybranym przez siebie Aposto\u0142om, a oni \u2013 swoim nast\u0119pcom. W ten spos\u00f3b do dnia dzisiejszego trwa sukcesja apostolska, w kt\u00f3rej misja kap\u0142a\u0144ska jest przekazywana kolejnym pokoleniom biskup\u00f3w. Biskup posiada wi\u0119c pe\u0142ni\u0119 w\u0142adzy kap\u0142a\u0144skiej, nauczycielskiej i pasterskiej w swojej diecezji; jednocze\u015bnie pozostaje w jedno\u015bci z papie\u017cem i pozosta\u0142ymi biskupami, tworz\u0105c kolegium biskupie odpowiedzialne za u\u015bwi\u0119canie, nauczanie i prowadzenie Ludu Bo\u017cego na ca\u0142ym \u015bwiecie.<\/p>\n<p style=\"text-align: justify;\">2. Prezbiter &#8211; Prezbiterzy (ksi\u0119\u017ca) s\u0105 pomocnikami i wsp\u00f3\u0142pracownikami biskup\u00f3w. Ich pos\u0142uga dokonuje si\u0119 zawsze w jedno\u015bci z biskupem i w pos\u0142usze\u0144stwie biskupowi. S\u0105 kap\u0142anami, ale nie maj\u0105 pe\u0142ni w\u0142adzy kap\u0142a\u0144skiej. Np. nie mog\u0105 wy\u015bwi\u0119ca\u0107 innych prezbiter\u00f3w ani biskup\u00f3w.<\/p>\n<p style=\"text-align: justify;\">3. Diakon &#8211; Diakoni nie s\u0105 kap\u0142anami, ale pomocnikami kap\u0142an\u00f3w i zaliczaj\u0105 si\u0119 do stanu duchownego. Przez \u0142ask\u0119 sakramentu \u015bwi\u0119ce\u0144 uczestnicz\u0105 w pos\u0142udze sakramentalnej i duszpasterskiej. Mog\u0105 mi\u0119dzy innymi udziela\u0107 chrztu, b\u0142ogos\u0142awi\u0107 zwi\u0105zki ma\u0142\u017ce\u0144skie i g\u0142osi\u0107 S\u0142owo Bo\u017ce w zgromadzeniu liturgicznym.<\/p>\n<p style=\"text-align: justify;\"><strong>JAK ZOSTA\u0106 KSI\u0118DZEM<\/strong><\/p>\n<p style=\"text-align: justify;\">Kap\u0142anami i diakonami mog\u0105 zosta\u0107 tylko m\u0119\u017cczy\u017ani, kt\u00f3rzy otrzymali powo\u0142anie od Boga. Miejscem dla tych, kt\u00f3rzy us\u0142yszeli g\u0142os powo\u0142ania w swoim sercu jest seminarium duchowne.<\/p>\n<p style=\"text-align: justify;\">Wszelkie informacje dla kandydat\u00f3w do Metropolitalnego Wy\u017cszego Seminarium Duchownego we Wroc\u0142awiu, mo\u017cna znale\u017a\u0107 poni\u017cej:<\/p>\n<p><a href=\"http:\/\/www.seminarium.wroclaw.pl\"><img decoding=\"async\" loading=\"lazy\" class=\"size-medium wp-image-187 aligncenter\" src=\"http:\/\/www.swjanzakrzow.archidiecezja.wroc.pl\/wp-content\/uploads\/2020\/12\/unnamed-2-300x300.jpg\" alt=\"\" width=\"300\" height=\"300\" srcset=\"http:\/\/www.swjanzakrzow.archidiecezja.wroc.pl\/wp-content\/uploads\/2020\/12\/unnamed-2-300x300.jpg 300w, http:\/\/www.swjanzakrzow.archidiecezja.wroc.pl\/wp-content\/uploads\/2020\/12\/unnamed-2-150x150.jpg 150w, http:\/\/www.swjanzakrzow.archidiecezja.wroc.pl\/wp-content\/uploads\/2020\/12\/unnamed-2-768x768.jpg 768w, http:\/\/www.swjanzakrzow.archidiecezja.wroc.pl\/wp-content\/uploads\/2020\/12\/unnamed-2-676x676.jpg 676w, http:\/\/www.swjanzakrzow.archidiecezja.wroc.pl\/wp-content\/uploads\/2020\/12\/unnamed-2.jpg 900w\" sizes=\"(max-width: 300px) 100vw, 300px\" \/><\/a><\/p>\n","protected":false},"excerpt":{"rendered":"<p>Prezbiterzy na mocy sakramentu kap\u0142a\u0144stwa, na podobie\u0144stwo Chrystusa, Najwy\u017cszego i Wiekuistego Kap\u0142ana, swoj\u0105 \u015bwi\u0119t\u0105 misj\u0119 sprawuj\u0105 zw\u0142aszcza w Uczcie eucharystycznej, w kt\u00f3rej dzia\u0142aj\u0105c w osobie Chrystusa i g\u0142osz\u0105c Jego misterium, \u0142\u0105cz\u0105 modlitwy wiernych z ofiar\u0105 Tego, kt\u00f3ry jest ich g\u0142ow\u0105, i uobecniaj\u0105 w ofierze Mszy \u015bwi\u0119tej jedyn\u0105 ofiar\u0119 Nowego Testamentu, mianowicie Chrystusa ofiaruj\u0105cego siebie raz [&hellip;]<\/p>\n","protected":false},"author":1,"featured_media":0,"parent":0,"menu_order":0,"comment_status":"closed","ping_status":"closed","template":"","meta":[],"_links":{"self":[{"href":"http:\/\/www.swjanzakrzow.archidiecezja.wroc.pl\/index.php?rest_route=\/wp\/v2\/pages\/55"}],"collection":[{"href":"http:\/\/www.swjanzakrzow.archidiecezja.wroc.pl\/index.php?rest_route=\/wp\/v2\/pages"}],"about":[{"href":"http:\/\/www.swjanzakrzow.archidiecezja.wroc.pl\/index.php?rest_route=\/wp\/v2\/types\/page"}],"author":[{"embeddable":true,"href":"http:\/\/www.swjanzakrzow.archidiecezja.wroc.pl\/index.php?rest_route=\/wp\/v2\/users\/1"}],"replies":[{"embeddable":true,"href":"http:\/\/www.swjanzakrzow.archidiecezja.wroc.pl\/index.php?rest_route=%2Fwp%2Fv2%2Fcomments&post=55"}],"version-history":[{"count":3,"href":"http:\/\/www.swjanzakrzow.archidiecezja.wroc.pl\/index.php?rest_route=\/wp\/v2\/pages\/55\/revisions"}],"predecessor-version":[{"id":189,"href":"http:\/\/www.swjanzakrzow.archidiecezja.wroc.pl\/index.php?rest_route=\/wp\/v2\/pages\/55\/revisions\/189"}],"wp:attachment":[{"href":"http:\/\/www.swjanzakrzow.archidiecezja.wroc.pl\/index.php?rest_route=%2Fwp%2Fv2%2Fmedia&parent=55"}],"curies":[{"name":"wp","href":"https:\/\/api.w.org\/{rel}","templated":true}]}}

KAPŁAŃSTWO

<p style="text-align: justify;"><img decoding="async" loading="lazy" class="size-medium wp-image-188 alignleft" src="http://www.swjanzakrzow.archidiecezja.wroc.pl/wp-content/uploads/2020/12/KAPLANSTWO-300x134.jpg" alt="" width="300" height="134" srcset="http://www.swjanzakrzow.archidiecezja.wroc.pl/wp-content/uploads/2020/12/KAPLANSTWO-300x134.jpg 300w, http://www.swjanzakrzow.archidiecezja.wroc.pl/wp-content/uploads/2020/12/KAPLANSTWO.jpg 650w" sizes="(max-width: 300px) 100vw, 300px" />Prezbiterzy na mocy sakramentu kapłaństwa, na podobieństwo Chrystusa, Najwyższego i Wiekuistego Kapłana, swoją świętą misję sprawują zwłaszcza w Uczcie eucharystycznej, w której działając w osobie Chrystusa i głosząc Jego misterium, łączą modlitwy wiernych z ofiarą Tego, który jest ich głową, i uobecniają w ofierze Mszy świętej jedyną ofiarę Nowego Testamentu, mianowicie Chrystusa ofiarującego siebie raz jeden Ojcu. (por. Sobór Watykański II, Konstytucja Dogmatyczna o Kościele, 28)</p>
<p style="text-align: justify;"><strong>STOPNIE ŚWIĘCEŃ</strong></p>
<p style="text-align: justify;">1. Biskup &#8211; Pełnię kapłaństwa posiadają biskupi, którzy jako następcy Apostołów kontynuują ich posłannictwo. Jest to misja, którą sam Jezus wypełniał na ziemi jako Kapłan, Nauczyciel i Pasterz. Następnie powierzył ją wybranym przez siebie Apostołom, a oni – swoim następcom. W ten sposób do dnia dzisiejszego trwa sukcesja apostolska, w której misja kapłańska jest przekazywana kolejnym pokoleniom biskupów. Biskup posiada więc pełnię władzy kapłańskiej, nauczycielskiej i pasterskiej w swojej diecezji; jednocześnie pozostaje w jedności z papieżem i pozostałymi biskupami, tworząc kolegium biskupie odpowiedzialne za uświęcanie, nauczanie i prowadzenie Ludu Bożego na całym świecie.</p>
<p style="text-align: justify;">2. Prezbiter &#8211; Prezbiterzy (księża) są pomocnikami i współpracownikami biskupów. Ich posługa dokonuje się zawsze w jedności z biskupem i w posłuszeństwie biskupowi. Są kapłanami, ale nie mają pełni władzy kapłańskiej. Np. nie mogą wyświęcać innych prezbiterów ani biskupów.</p>
<p style="text-align: justify;">3. Diakon &#8211; Diakoni nie są kapłanami, ale pomocnikami kapłanów i zaliczają się do stanu duchownego. Przez łaskę sakramentu święceń uczestniczą w posłudze sakramentalnej i duszpasterskiej. Mogą między innymi udzielać chrztu, błogosławić związki małżeńskie i głosić Słowo Boże w zgromadzeniu liturgicznym.</p>
<p style="text-align: justify;"><strong>JAK ZOSTAĆ KSIĘDZEM</strong></p>
<p style="text-align: justify;">Kapłanami i diakonami mogą zostać tylko mężczyźni, którzy otrzymali powołanie od Boga. Miejscem dla tych, którzy usłyszeli głos powołania w swoim sercu jest seminarium duchowne.</p>
<p style="text-align: justify;">Wszelkie informacje dla kandydatów do Metropolitalnego Wyższego Seminarium Duchownego we Wrocławiu, można znaleźć poniżej:</p>
<p><a href="http://www.seminarium.wroclaw.pl"><img decoding="async" loading="lazy" class="size-medium wp-image-187 aligncenter" src="http://www.swjanzakrzow.archidiecezja.wroc.pl/wp-content/uploads/2020/12/unnamed-2-300x300.jpg" alt="" width="300" height="300" srcset="http://www.swjanzakrzow.archidiecezja.wroc.pl/wp-content/uploads/2020/12/unnamed-2-300x300.jpg 300w, http://www.swjanzakrzow.archidiecezja.wroc.pl/wp-content/uploads/2020/12/unnamed-2-150x150.jpg 150w, http://www.swjanzakrzow.archidiecezja.wroc.pl/wp-content/uploads/2020/12/unnamed-2-768x768.jpg 768w, http://www.swjanzakrzow.archidiecezja.wroc.pl/wp-content/uploads/2020/12/unnamed-2-676x676.jpg 676w, http://www.swjanzakrzow.archidiecezja.wroc.pl/wp-content/uploads/2020/12/unnamed-2.jpg 900w" sizes="(max-width: 300px) 100vw, 300px" /></a></p>

<p>Prezbiterzy na mocy sakramentu kapłaństwa, na podobieństwo Chrystusa, Najwyższego i Wiekuistego Kapłana, swoją świętą misję sprawują zwłaszcza w Uczcie eucharystycznej, w której działając w osobie Chrystusa i głosząc Jego misterium, łączą modlitwy wiernych z ofiarą Tego, który jest ich głową, i uobecniają w ofierze Mszy świętej jedyną ofiarę Nowego Testamentu, mianowicie Chrystusa ofiarującego siebie raz [&hellip;]</p>
