{"id":60,"date":"2020-12-11T16:53:10","date_gmt":"2020-12-11T15:53:10","guid":{"rendered":"http:\/\/www.swjanzakrzow.archidiecezja.wroc.pl\/?page_id=60"},"modified":"2020-12-11T22:56:11","modified_gmt":"2020-12-11T21:56:11","slug":"pogrzeb-katolicki","status":"publish","type":"page","link":"http:\/\/www.swjanzakrzow.archidiecezja.wroc.pl\/?page_id=60","title":{"rendered":"POGRZEB KATOLICKI"},"content":{"rendered":"<p style=\"text-align: justify;\"><img decoding=\"async\" loading=\"lazy\" class=\"size-medium wp-image-154 alignleft\" src=\"http:\/\/www.swjanzakrzow.archidiecezja.wroc.pl\/wp-content\/uploads\/2020\/12\/pogrzeb-katolicki-300x214.jpg\" alt=\"\" width=\"300\" height=\"214\" srcset=\"http:\/\/www.swjanzakrzow.archidiecezja.wroc.pl\/wp-content\/uploads\/2020\/12\/pogrzeb-katolicki-300x214.jpg 300w, http:\/\/www.swjanzakrzow.archidiecezja.wroc.pl\/wp-content\/uploads\/2020\/12\/pogrzeb-katolicki.jpg 350w\" sizes=\"(max-width: 300px) 100vw, 300px\" \/>O \u015bmierci osoby bliskiej, nale\u017c\u0105cej do wsp\u00f3lnoty Ko\u015bcio\u0142a Katolickiego, nale\u017cy powiadomi\u0107 parafi\u0119, do kt\u00f3rej nale\u017ca\u0142 zmar\u0142y, aby odnotowa\u0107 ten fakt w parafialnej ksi\u0119dze zgon\u00f3w oraz ustali\u0107 miejsce i termin liturgii pogrzebowej.<\/p>\n<p style=\"text-align: justify;\">Do liturgii pogrzebowej nale\u017cy Msza \u015bw. pogrzebowa odprawiona przed pogrzebem oraz obrz\u0119dy sprawowane na cmentarzu przed z\u0142o\u017ceniem cia\u0142a do grobu. We Mszy \u015bw. uczestniczy ca\u0142a rodzina, je\u015bli to mo\u017cliwe &#8211; w spos\u00f3b pe\u0142ny, tzn. przyjmuj\u0105c Komuni\u0119 \u015bw.<\/p>\n<p style=\"text-align: justify;\">Jak nakazuje Kodeks Prawa Kanonicznego regu\u0142\u0105 winien by\u0107 zwyczaj odprawiania nabo\u017ce\u0144stwa pogrzebowego w ko\u015bciele parafialnym osoby zmar\u0142ej (zob. KPK, kan. 1177, \u00a7 2). W drodze wyj\u0105tku mo\u017cliwy jest pogrzeb poza parafi\u0105. Nale\u017cy w\u00f3wczas poprosi\u0107 w kancelarii parafialnej o pisemne pozwolenia na pogrzeb w innej parafii.<\/p>\n<p style=\"text-align: justify;\"><strong>Dokumenty wymagane przy zg\u0142oszeniu pogrzebu<\/strong><\/p>\n<p style=\"text-align: justify;\">Zg\u0142aszaj\u0105c zgon w kancelarii parafialnej nale\u017cy przedstawi\u0107:<\/p>\n<ul>\n<li style=\"text-align: justify;\">akt zgonu z Urz\u0119du Stanu Cywilnego,<\/li>\n<li style=\"text-align: justify;\">za\u015bwiadczenie od kapelana o udzieleniu sakramentu chorych i wiatyku, je\u015bli zgon nast\u0105pi\u0142 w szpitalu.<\/li>\n<li style=\"text-align: justify;\">je\u017celi osoba zmar\u0142a nie zamieszkiwa\u0142a na terenie parafii nale\u017cy dostarczy\u0107 z parafii zamieszkania (lub z miejsca przebywania: hospicjum, dom staro\u015bci itp.) za\u015bwiadczenie od kap\u0142ana, \u017ce osoba by\u0142a wierz\u0105ca i mo\u017ce by\u0107 pochowana zgodnie z rytua\u0142em katolickim;<\/li>\n<\/ul>\n","protected":false},"excerpt":{"rendered":"<p>O \u015bmierci osoby bliskiej, nale\u017c\u0105cej do wsp\u00f3lnoty Ko\u015bcio\u0142a Katolickiego, nale\u017cy powiadomi\u0107 parafi\u0119, do kt\u00f3rej nale\u017ca\u0142 zmar\u0142y, aby odnotowa\u0107 ten fakt w parafialnej ksi\u0119dze zgon\u00f3w oraz ustali\u0107 miejsce i termin liturgii pogrzebowej. Do liturgii pogrzebowej nale\u017cy Msza \u015bw. pogrzebowa odprawiona przed pogrzebem oraz obrz\u0119dy sprawowane na cmentarzu przed z\u0142o\u017ceniem cia\u0142a do grobu. We Mszy \u015bw. uczestniczy [&hellip;]<\/p>\n","protected":false},"author":2,"featured_media":0,"parent":0,"menu_order":0,"comment_status":"closed","ping_status":"closed","template":"","meta":[],"_links":{"self":[{"href":"http:\/\/www.swjanzakrzow.archidiecezja.wroc.pl\/index.php?rest_route=\/wp\/v2\/pages\/60"}],"collection":[{"href":"http:\/\/www.swjanzakrzow.archidiecezja.wroc.pl\/index.php?rest_route=\/wp\/v2\/pages"}],"about":[{"href":"http:\/\/www.swjanzakrzow.archidiecezja.wroc.pl\/index.php?rest_route=\/wp\/v2\/types\/page"}],"author":[{"embeddable":true,"href":"http:\/\/www.swjanzakrzow.archidiecezja.wroc.pl\/index.php?rest_route=\/wp\/v2\/users\/2"}],"replies":[{"embeddable":true,"href":"http:\/\/www.swjanzakrzow.archidiecezja.wroc.pl\/index.php?rest_route=%2Fwp%2Fv2%2Fcomments&post=60"}],"version-history":[{"count":3,"href":"http:\/\/www.swjanzakrzow.archidiecezja.wroc.pl\/index.php?rest_route=\/wp\/v2\/pages\/60\/revisions"}],"predecessor-version":[{"id":155,"href":"http:\/\/www.swjanzakrzow.archidiecezja.wroc.pl\/index.php?rest_route=\/wp\/v2\/pages\/60\/revisions\/155"}],"wp:attachment":[{"href":"http:\/\/www.swjanzakrzow.archidiecezja.wroc.pl\/index.php?rest_route=%2Fwp%2Fv2%2Fmedia&parent=60"}],"curies":[{"name":"wp","href":"https:\/\/api.w.org\/{rel}","templated":true}]}}

<p style="text-align: justify;"><img decoding="async" loading="lazy" class="size-medium wp-image-154 alignleft" src="http://www.swjanzakrzow.archidiecezja.wroc.pl/wp-content/uploads/2020/12/pogrzeb-katolicki-300x214.jpg" alt="" width="300" height="214" srcset="http://www.swjanzakrzow.archidiecezja.wroc.pl/wp-content/uploads/2020/12/pogrzeb-katolicki-300x214.jpg 300w, http://www.swjanzakrzow.archidiecezja.wroc.pl/wp-content/uploads/2020/12/pogrzeb-katolicki.jpg 350w" sizes="(max-width: 300px) 100vw, 300px" />O śmierci osoby bliskiej, należącej do wspólnoty Kościoła Katolickiego, należy powiadomić parafię, do której należał zmarły, aby odnotować ten fakt w parafialnej księdze zgonów oraz ustalić miejsce i termin liturgii pogrzebowej.</p>
<p style="text-align: justify;">Do liturgii pogrzebowej należy Msza św. pogrzebowa odprawiona przed pogrzebem oraz obrzędy sprawowane na cmentarzu przed złożeniem ciała do grobu. We Mszy św. uczestniczy cała rodzina, jeśli to możliwe &#8211; w sposób pełny, tzn. przyjmując Komunię św.</p>
<p style="text-align: justify;">Jak nakazuje Kodeks Prawa Kanonicznego regułą winien być zwyczaj odprawiania nabożeństwa pogrzebowego w kościele parafialnym osoby zmarłej (zob. KPK, kan. 1177, § 2). W drodze wyjątku możliwy jest pogrzeb poza parafią. Należy wówczas poprosić w kancelarii parafialnej o pisemne pozwolenia na pogrzeb w innej parafii.</p>
<p style="text-align: justify;"><strong>Dokumenty wymagane przy zgłoszeniu pogrzebu</strong></p>
<p style="text-align: justify;">Zgłaszając zgon w kancelarii parafialnej należy przedstawić:</p>
<ul>
<li style="text-align: justify;">akt zgonu z Urzędu Stanu Cywilnego,</li>
<li style="text-align: justify;">zaświadczenie od kapelana o udzieleniu sakramentu chorych i wiatyku, jeśli zgon nastąpił w szpitalu.</li>
<li style="text-align: justify;">jeżeli osoba zmarła nie zamieszkiwała na terenie parafii należy dostarczyć z parafii zamieszkania (lub z miejsca przebywania: hospicjum, dom starości itp.) zaświadczenie od kapłana, że osoba była wierząca i może być pochowana zgodnie z rytuałem katolickim;</li>
</ul>

<p>O śmierci osoby bliskiej, należącej do wspólnoty Kościoła Katolickiego, należy powiadomić parafię, do której należał zmarły, aby odnotować ten fakt w parafialnej księdze zgonów oraz ustalić miejsce i termin liturgii pogrzebowej. Do liturgii pogrzebowej należy Msza św. pogrzebowa odprawiona przed pogrzebem oraz obrzędy sprawowane na cmentarzu przed złożeniem ciała do grobu. We Mszy św. uczestniczy [&hellip;]</p>
