{"id":75,"date":"2020-12-11T16:56:52","date_gmt":"2020-12-11T15:56:52","guid":{"rendered":"http:\/\/www.swjanzakrzow.archidiecezja.wroc.pl\/?page_id=75"},"modified":"2020-12-11T22:31:23","modified_gmt":"2020-12-11T21:31:23","slug":"pokuta-i-pojednanie","status":"publish","type":"page","link":"http:\/\/www.swjanzakrzow.archidiecezja.wroc.pl\/?page_id=75","title":{"rendered":"POKUTA I POJEDNANIE"},"content":{"rendered":"<p style=\"text-align: justify;\"><img decoding=\"async\" loading=\"lazy\" class=\"size-full wp-image-145 alignleft\" src=\"http:\/\/www.swjanzakrzow.archidiecezja.wroc.pl\/wp-content\/uploads\/2020\/12\/konfesjonal.jpg\" alt=\"\" width=\"155\" height=\"234\" \/>Jezus powiedzia\u0142 do aposto\u0142\u00f3w: Kt\u00f3rym odpu\u015bcicie grzechy, s\u0105 im odpuszczone, a kt\u00f3rym zatrzymacie, s\u0105 im zatrzymane. (J 20, 23)<\/p>\n<p style=\"text-align: justify;\">Grzech os\u0142abia lub ca\u0142kowicie zrywa nasz\u0105 wi\u0119\u017a z Bogiem i z Ko\u015bcio\u0142em. Sakrament pokuty jest sposobem odnowienia tej wi\u0119zi. Jest to mo\u017cliwe dzi\u0119ki \u015bmierci i zmartwychwstaniu Jezusa, kt\u00f3ry na krzy\u017cu zg\u0142adzi\u0142 nasze grzechy. Jest to akt marnotrawnego syna, kt\u00f3ry wraca do Ojca i zostaje przez niego powitany poca\u0142unkiem pokoju; akt lojalno\u015bci i odwagi; akt zawierzenia siebie samego mi\u0142osierdziu, kt\u00f3re przebacza. Zrozumia\u0142e jest wi\u0119c, dlaczego wyznanie grzech\u00f3w winno by\u0107 zwyczajnie indywidualne, a nie zbiorowe, tak jak grzech jest faktem g\u0142\u0119boko osobistym. R\u00f3wnocze\u015bnie jednak to wyznanie wyrywa niejako grzech z tajnik\u00f3w serca, a zatem z czysto prywatnego kr\u0119gu jednostki, uwydatniaj\u0105c r\u00f3wnie\u017c jego charakter spo\u0142eczny, gdy\u017c poprzez szafarza Pokuty sama Wsp\u00f3lnota ko\u015bcielna, zraniona przez grzech, przyjmuje na nowo skruszonego grzesznika, kt\u00f3ry otrzyma\u0142 przebaczenie. (Jan Pawe\u0142 II, Reconciliatio et paenitentia, 31)<\/p>\n<p style=\"text-align: justify;\">Aby powr\u00f3t do Boga rzeczywi\u015bcie si\u0119 dokona\u0142, niezb\u0119dne jest spe\u0142nienie pi\u0119ciu warunk\u00f3w:<\/p>\n<p style=\"text-align: justify;\"><strong>1. Rachunek sumienia<\/strong><\/p>\n<p style=\"text-align: justify;\">Poddajemy wewn\u0119trznej ocenie nasze my\u015bli, s\u0142owa i czyny z czasu od ostatniej spowiedzi lub d\u0142u\u017cszego. Staramy si\u0119 w \u015bwietle sumienia spojrze\u0107 na swoje obowi\u0105zki wobec Boga i drugiego cz\u0142owieka. Pomagaj\u0105 nam w tym przykazania Bo\u017ce i ko\u015bcielne, lista siedmiu grzech\u00f3w g\u0142\u00f3wnych itp. Warto u\u015bwiadomi\u0107 sobie nie tylko fakt poszczeg\u00f3lnych grzech\u00f3w, ale tak\u017ce ich przyczyny oraz skutki naszego post\u0119powania. Cenn\u0105 pomoc\u0105 s\u0105 gotowe teksty rachunk\u00f3w sumienia. Musimy jednak pami\u0119ta\u0107 o wyborze rachunku odpowiedniego dla naszego wieku i stanu.<\/p>\n<p style=\"text-align: justify;\"><strong>2. \u017bal za grzechy<\/strong><\/p>\n<p style=\"text-align: justify;\">Widz\u0105c swoje wykroczenia przeciwko Bo\u017cym przykazaniom uznajemy je za rzeczywi\u015bcie z\u0142e. Dokonuje si\u0119 to przez stwierdzenie ich z\u0142ych skutk\u00f3w, dostrze\u017cenie krzywdy wyrz\u0105dzonej sobie i bli\u017anim oraz zniewagi wobec Boga. Lub przynajmniej przez uznanie autorytetu Ko\u015bcio\u0142a, kt\u00f3ry na podstawie nauki Ewangelii pewne czyny okre\u015bla jako z\u0142e i grzeszne. \u017bal jest prawdziwy, gdy prowadzi do odrzucenia wszystkich grzech\u00f3w z mi\u0142o\u015bci do Boga lub przynajmniej z obawy przed Bo\u017c\u0105 kar\u0105.<\/p>\n<p style=\"text-align: justify;\"><strong>3. Postanowienie poprawy<\/strong><\/p>\n<p style=\"text-align: justify;\">Postanawiamy nie pope\u0142nia\u0107 ju\u017c wi\u0119cej grzech\u00f3w, kt\u00f3re przypomnieli\u015bmy sobie w rachunku sumienia, oraz unika\u0107 okazji do grzechu. Warto konkretyzowa\u0107 swoj\u0105 wol\u0119 poprawy przez podejmowanie szczeg\u00f3\u0142owych postanowie\u0144 pracy nad okre\u015blonymi wadami. Je\u015bli jaki\u015b grzech jest dla nas na\u0142ogiem, bierzemy pod uwag\u0119, \u017ce ca\u0142kowite zerwanie z nim mo\u017ce by\u0107 niemo\u017cliwe. Jednak w ramach postanowienia podejmujemy konkretne kroki dla ograniczenia pope\u0142niania tego grzechu. Jednocze\u015bnie modlimy si\u0119 o Bo\u017c\u0105 pomoc w zupe\u0142nym uwolnieniu si\u0119 od niego. Postanowienie to nie tylko wola, ale tak\u017ce czyny. Nie ma szczerego postanowienia poprawy osoba, kt\u00f3ra nie podporz\u0105dkowuje mu swojego \u017cycia. (Np. kto\u015b, kto spowiada si\u0119 z grzechu cudzo\u0142\u00f3stwa, a jednocze\u015bnie trwa w zwi\u0105zku cudzo\u0142o\u017cnym i nie zamierza go zerwa\u0107, nie ma prawdziwego postanowienia poprawy i nie mo\u017ce uzyska\u0107 rozgrzeszenia.)<\/p>\n<p style=\"text-align: justify;\"><strong>4. Spowied\u017a<\/strong><\/p>\n<p style=\"text-align: justify;\">Spowied\u017a jest formalnym przypiecz\u0119towaniem naszego aktu nawr\u00f3cenia i skorzystaniem z mocy odpuszczania grzech\u00f3w powierzonej przez Boga Ko\u015bcio\u0142owi. Trzeba pami\u0119ta\u0107, \u017ce bez szczerego \u017calu, szczerego postanowienia poprawy i szczerego wyznania grzech\u00f3w, spowied\u017a jest niewa\u017cna, niezale\u017cnie od s\u0142\u00f3w wypowiedzianych przez kap\u0142ana. Odpuszczenia grzech\u00f3w dokonuje bowiem sam B\u00f3g, kt\u00f3ry zna nasze sumienie i wie, czy nawracamy si\u0119 do Niego, czy nie. Jeste\u015bmy zobowi\u0105zani do wyznania wszystkich grzech\u00f3w ci\u0119\u017ckich i ich liczby. Nale\u017cy tak\u017ce poda\u0107 okoliczno\u015bci, kt\u00f3re mog\u0142y sprawi\u0107, \u017ce jaki\u015b grzech w danej sytuacji sta\u0142 si\u0119 ci\u0119\u017cszy lub l\u017cejszy. Mo\u017cemy te\u017c wyzna\u0107 grzechy powszednie, zw\u0142aszcza takie, kt\u00f3re najcz\u0119\u015bciej si\u0119 powtarzaj\u0105 lub najbardziej wp\u0142ywaj\u0105 na nasze \u017cycie.<\/p>\n<p style=\"text-align: justify;\"><strong>5. Zado\u015b\u0107uczynienie<\/strong><\/p>\n<p style=\"text-align: justify;\">Pokuta wyznaczona przez spowiednika nie jest kar\u0105 za grzechy, ani odliczon\u0105 \u201ecen\u0105\u201d. Raczej nale\u017cy j\u0105 traktowa\u0107 jako \u201elekarstwo duszy\u201d. Jest kolejnym krokiem w naszym powrocie do Boga; ma nam pom\u00f3c w wyra\u017ceniu skruchy i umocni\u0107 postanowienie poprawy. Nale\u017cy wype\u0142ni\u0107 j\u0105 jak najszybciej po spowiedzi, okazuj\u0105c w ten spos\u00f3b pos\u0142usze\u0144stwo i wol\u0119 wsp\u00f3\u0142pracy z \u0142ask\u0105 Bo\u017c\u0105. Je\u015bli zdarzy si\u0119 zapomnie\u0107, jaka by\u0142a zadana pokuta, nale\u017cy odm\u00f3wi\u0107 inn\u0105 modlitw\u0119 i wyzna\u0107 to na nast\u0119pnej spowiedzi. Je\u017celi z jakich\u015b powod\u00f3w do kolejnej spowiedzi w og\u00f3le nie odm\u00f3wili\u015bmy pokuty, nale\u017cy powiedzie\u0107 o tym spowiednikowi i dope\u0142ni\u0107 tego obowi\u0105zku p\u00f3\u017aniej. Zado\u015b\u0107uczynienie to tak\u017ce naprawienie szk\u00f3d, jakie wyrz\u0105dzili\u015bmy poprzez sw\u00f3j grzech. Najprostszym przyk\u0142adem jest tutaj zwr\u00f3cenie rzeczy skradzionej. Je\u015bli nie da si\u0119 tego uczyni\u0107 w tak bezpo\u015bredni spos\u00f3b, warto zastanowi\u0107 si\u0119, jakim dobrem mogliby\u015bmy wynagrodzi\u0107 wyrz\u0105dzone z\u0142o. (Np. je\u015bli spowiadamy si\u0119 z grzechu oszczerstwa, nale\u017cy, je\u015bli to mo\u017cliwe, odwo\u0142a\u0107 rzucone oszczerstwo; je\u015bli naszym grzechem by\u0142o obmawianie jakiej\u015b osoby, zado\u015b\u0107uczynieniem mo\u017ce by\u0107 m\u00f3wienie dobrych rzeczy na jej temat.<\/p>\n","protected":false},"excerpt":{"rendered":"<p>Jezus powiedzia\u0142 do aposto\u0142\u00f3w: Kt\u00f3rym odpu\u015bcicie grzechy, s\u0105 im odpuszczone, a kt\u00f3rym zatrzymacie, s\u0105 im zatrzymane. (J 20, 23) Grzech os\u0142abia lub ca\u0142kowicie zrywa nasz\u0105 wi\u0119\u017a z Bogiem i z Ko\u015bcio\u0142em. Sakrament pokuty jest sposobem odnowienia tej wi\u0119zi. Jest to mo\u017cliwe dzi\u0119ki \u015bmierci i zmartwychwstaniu Jezusa, kt\u00f3ry na krzy\u017cu zg\u0142adzi\u0142 nasze grzechy. Jest to akt [&hellip;]<\/p>\n","protected":false},"author":2,"featured_media":0,"parent":0,"menu_order":0,"comment_status":"closed","ping_status":"closed","template":"","meta":[],"_links":{"self":[{"href":"http:\/\/www.swjanzakrzow.archidiecezja.wroc.pl\/index.php?rest_route=\/wp\/v2\/pages\/75"}],"collection":[{"href":"http:\/\/www.swjanzakrzow.archidiecezja.wroc.pl\/index.php?rest_route=\/wp\/v2\/pages"}],"about":[{"href":"http:\/\/www.swjanzakrzow.archidiecezja.wroc.pl\/index.php?rest_route=\/wp\/v2\/types\/page"}],"author":[{"embeddable":true,"href":"http:\/\/www.swjanzakrzow.archidiecezja.wroc.pl\/index.php?rest_route=\/wp\/v2\/users\/2"}],"replies":[{"embeddable":true,"href":"http:\/\/www.swjanzakrzow.archidiecezja.wroc.pl\/index.php?rest_route=%2Fwp%2Fv2%2Fcomments&post=75"}],"version-history":[{"count":4,"href":"http:\/\/www.swjanzakrzow.archidiecezja.wroc.pl\/index.php?rest_route=\/wp\/v2\/pages\/75\/revisions"}],"predecessor-version":[{"id":146,"href":"http:\/\/www.swjanzakrzow.archidiecezja.wroc.pl\/index.php?rest_route=\/wp\/v2\/pages\/75\/revisions\/146"}],"wp:attachment":[{"href":"http:\/\/www.swjanzakrzow.archidiecezja.wroc.pl\/index.php?rest_route=%2Fwp%2Fv2%2Fmedia&parent=75"}],"curies":[{"name":"wp","href":"https:\/\/api.w.org\/{rel}","templated":true}]}}