{"id":77,"date":"2020-12-11T16:57:37","date_gmt":"2020-12-11T15:57:37","guid":{"rendered":"http:\/\/www.swjanzakrzow.archidiecezja.wroc.pl\/?page_id=77"},"modified":"2020-12-11T23:06:24","modified_gmt":"2020-12-11T22:06:24","slug":"dane-adresowe","status":"publish","type":"page","link":"http:\/\/www.swjanzakrzow.archidiecezja.wroc.pl\/?page_id=77","title":{"rendered":"DANE ADRESOWE"},"content":{"rendered":"<p>Rzymskokatolicka Parafia pw. \u015bw. Jana Aposto\u0142a<\/p>\n<p>ul. Kr\u00f3lewska 30, 51-200 Wroc\u0142aw<\/p>\n<p>tel: 071\/345-55-76; fax: 071\/329-78-85<\/p>\n<p>nr konta: 96 2030 0045 1110 0000 0035 5240<\/p>\n<p>NIP: 8951402297<\/p>\n<p>REGON: 040080284<\/p>\n<p>e-mail: zakrzow@archidiecezja.wroc.pl<\/p>\n","protected":false},"excerpt":{"rendered":"<p>Rzymskokatolicka Parafia pw. \u015bw. Jana Aposto\u0142a ul. Kr\u00f3lewska 30, 51-200 Wroc\u0142aw tel: 071\/345-55-76; fax: 071\/329-78-85 nr konta: 96 2030 0045 1110 0000 0035 5240 NIP: 8951402297 REGON: 040080284 e-mail: zakrzow@archidiecezja.wroc.pl<\/p>\n","protected":false},"author":2,"featured_media":0,"parent":0,"menu_order":0,"comment_status":"closed","ping_status":"closed","template":"","meta":[],"_links":{"self":[{"href":"http:\/\/www.swjanzakrzow.archidiecezja.wroc.pl\/index.php?rest_route=\/wp\/v2\/pages\/77"}],"collection":[{"href":"http:\/\/www.swjanzakrzow.archidiecezja.wroc.pl\/index.php?rest_route=\/wp\/v2\/pages"}],"about":[{"href":"http:\/\/www.swjanzakrzow.archidiecezja.wroc.pl\/index.php?rest_route=\/wp\/v2\/types\/page"}],"author":[{"embeddable":true,"href":"http:\/\/www.swjanzakrzow.archidiecezja.wroc.pl\/index.php?rest_route=\/wp\/v2\/users\/2"}],"replies":[{"embeddable":true,"href":"http:\/\/www.swjanzakrzow.archidiecezja.wroc.pl\/index.php?rest_route=%2Fwp%2Fv2%2Fcomments&post=77"}],"version-history":[{"count":2,"href":"http:\/\/www.swjanzakrzow.archidiecezja.wroc.pl\/index.php?rest_route=\/wp\/v2\/pages\/77\/revisions"}],"predecessor-version":[{"id":162,"href":"http:\/\/www.swjanzakrzow.archidiecezja.wroc.pl\/index.php?rest_route=\/wp\/v2\/pages\/77\/revisions\/162"}],"wp:attachment":[{"href":"http:\/\/www.swjanzakrzow.archidiecezja.wroc.pl\/index.php?rest_route=%2Fwp%2Fv2%2Fmedia&parent=77"}],"curies":[{"name":"wp","href":"https:\/\/api.w.org\/{rel}","templated":true}]}}