{"id":92,"date":"2020-12-11T17:03:29","date_gmt":"2020-12-11T16:03:29","guid":{"rendered":"http:\/\/www.swjanzakrzow.archidiecezja.wroc.pl\/?page_id=92"},"modified":"2020-12-11T23:35:16","modified_gmt":"2020-12-11T22:35:16","slug":"liturgiczna-sluzba-oltarza","status":"publish","type":"page","link":"http:\/\/www.swjanzakrzow.archidiecezja.wroc.pl\/?page_id=92","title":{"rendered":"LITURGICZNA S\u0141U\u017bBA O\u0141TARZA"},"content":{"rendered":"<p style=\"text-align: justify;\"><img decoding=\"async\" loading=\"lazy\" class=\"size-medium wp-image-177 alignleft\" src=\"http:\/\/www.swjanzakrzow.archidiecezja.wroc.pl\/wp-content\/uploads\/2020\/12\/ministranci-logo-211x300.png\" alt=\"\" width=\"211\" height=\"300\" srcset=\"http:\/\/www.swjanzakrzow.archidiecezja.wroc.pl\/wp-content\/uploads\/2020\/12\/ministranci-logo-211x300.png 211w, http:\/\/www.swjanzakrzow.archidiecezja.wroc.pl\/wp-content\/uploads\/2020\/12\/ministranci-logo.png 343w\" sizes=\"(max-width: 211px) 100vw, 211px\" \/>Liturgiczna S\u0142u\u017cba O\u0142tarza to duszpasterstwo zrzeszaj\u0105ce ch\u0142opc\u00f3w i m\u0119\u017cczyzn, kt\u00f3rzy pragn\u0105 by\u0107 bli\u017cej Boga i bli\u017cej Chrystusa eucharystycznego. Aktualnie Liturgiczna S\u0142u\u017cba O\u0142tarza w naszej parafii ma w swoich szeregach &#8211; 4 kandydat\u00f3w, 37 ministrant\u00f3w, 9 lektor\u00f3w i 5 ojc\u00f3w. Co roku do\u0142\u0105cza do naszego grona kilku nowych koleg\u00f3w. Przed promocjami zar\u00f3wno ministranckimi jak i lektorskimi kandydaci przechodz\u0105 seri\u0119 spotka\u0144 czyli tzw. kurs przygotowawczy. Staj\u0105 si\u0119 ministrantami i lektorami po z\u0142o\u017ceniu uroczystej przysi\u0119gi podczas Mszy \u015awi\u0119tej.<\/p>\n<p style=\"text-align: justify;\">W g\u0142\u00f3wnej mierze LSO to ministranci. S\u0142owo ministrant oznacza s\u0142u\u017cy\u0107, pomaga\u0107 i takie jest nasze zadanie-s\u0142u\u017cy\u0107 Jezusowi przy o\u0142tarzu. Ministranci i lektorzy naszej parafii u\u015bwietniaj\u0105 zar\u00f3wno du\u017ce uroczysto\u015bci (np. Triduum Paschalne, \u015awi\u0119ta Bo\u017cego Narodzenia) jak i codzienne liturgie oraz nabo\u017ce\u0144stwa.<\/p>\n<p style=\"text-align: justify;\">G\u0142\u00f3wnym zadaniem lektor\u00f3w jest odpowiednia oprawa Liturgii S\u0142owa, za\u015b w roli ministrant\u00f3w jest przygotowywanie o\u0142tarza i pomaganie ksi\u0119dzu podczas liturgii.<\/p>\n<p style=\"text-align: justify;\">Ministranci maj\u0105 r\u00f3wnie\u017c swoich \u015bwi\u0119tych patron\u00f3w, kt\u00f3rych historie poznawali\u015bmy na naszych spotkaniach.<\/p>\n<p style=\"text-align: justify;\">Patronami ministrant\u00f3w i lektor\u00f3w s\u0105: sw. Dominik Savio, \u015bw. Jan Berchmans (SJ), \u015bw. Stanis\u0142aw Kostka (SJ), \u015bw. Tarsycjusz i \u015bw. Jan Bosco.<\/p>\n<p style=\"text-align: justify;\">Cz\u0142onkowie Liturgicznej S\u0142u\u017cby O\u0142tarza spotykaj\u0105 si\u0119:<\/p>\n<ul style=\"text-align: justify;\">\n<li>w I czwartki miesi\u0105ca, na Mszy \u015bw. o godz. 18.30,<\/li>\n<li>a po niej na integracji przy ciastku \ud83d\ude42<\/li>\n<li>w II i IV sobot\u0119 miesi\u0105ca o godz. 9.00 na zbi\u00f3rkach.<\/li>\n<\/ul>\n<p style=\"text-align: justify;\">Od 1 wrze\u015bnia 2019 r. naszym opiekunem jest ksi\u0105dz Grzegorz Gac.<\/p>\n<p style=\"text-align: justify;\">Istnieje 10 zasad ministranta. Mo\u017cna w nich przeczyta\u0107 mi\u0119dzy innymi o pos\u0142udze Jezusowi w ludziach, modlitwie za Ojczyzn\u0119, pracy nad sob\u0105 czy dawaniu innym przyk\u0142adu.<\/p>\n","protected":false},"excerpt":{"rendered":"<p>Liturgiczna S\u0142u\u017cba O\u0142tarza to duszpasterstwo zrzeszaj\u0105ce ch\u0142opc\u00f3w i m\u0119\u017cczyzn, kt\u00f3rzy pragn\u0105 by\u0107 bli\u017cej Boga i bli\u017cej Chrystusa eucharystycznego. Aktualnie Liturgiczna S\u0142u\u017cba O\u0142tarza w naszej parafii ma w swoich szeregach &#8211; 4 kandydat\u00f3w, 37 ministrant\u00f3w, 9 lektor\u00f3w i 5 ojc\u00f3w. Co roku do\u0142\u0105cza do naszego grona kilku nowych koleg\u00f3w. Przed promocjami zar\u00f3wno ministranckimi jak i lektorskimi [&hellip;]<\/p>\n","protected":false},"author":2,"featured_media":0,"parent":0,"menu_order":0,"comment_status":"closed","ping_status":"closed","template":"","meta":[],"_links":{"self":[{"href":"http:\/\/www.swjanzakrzow.archidiecezja.wroc.pl\/index.php?rest_route=\/wp\/v2\/pages\/92"}],"collection":[{"href":"http:\/\/www.swjanzakrzow.archidiecezja.wroc.pl\/index.php?rest_route=\/wp\/v2\/pages"}],"about":[{"href":"http:\/\/www.swjanzakrzow.archidiecezja.wroc.pl\/index.php?rest_route=\/wp\/v2\/types\/page"}],"author":[{"embeddable":true,"href":"http:\/\/www.swjanzakrzow.archidiecezja.wroc.pl\/index.php?rest_route=\/wp\/v2\/users\/2"}],"replies":[{"embeddable":true,"href":"http:\/\/www.swjanzakrzow.archidiecezja.wroc.pl\/index.php?rest_route=%2Fwp%2Fv2%2Fcomments&post=92"}],"version-history":[{"count":2,"href":"http:\/\/www.swjanzakrzow.archidiecezja.wroc.pl\/index.php?rest_route=\/wp\/v2\/pages\/92\/revisions"}],"predecessor-version":[{"id":178,"href":"http:\/\/www.swjanzakrzow.archidiecezja.wroc.pl\/index.php?rest_route=\/wp\/v2\/pages\/92\/revisions\/178"}],"wp:attachment":[{"href":"http:\/\/www.swjanzakrzow.archidiecezja.wroc.pl\/index.php?rest_route=%2Fwp%2Fv2%2Fmedia&parent=92"}],"curies":[{"name":"wp","href":"https:\/\/api.w.org\/{rel}","templated":true}]}}